{"id":16,"date":"2018-11-12T13:51:25","date_gmt":"2018-11-12T13:51:25","guid":{"rendered":"http:\/\/szerzs.mhan.hu\/iskola\/?page_id=16"},"modified":"2023-11-23T08:17:38","modified_gmt":"2023-11-23T07:17:38","slug":"dokumentumok","status":"publish","type":"page","link":"https:\/\/szent-erzsebet.hu\/gimnazium\/dokumentumok\/","title":{"rendered":"Dokumentumok"},"content":{"rendered":"\n<p><a href=\"https:\/\/drive.google.com\/drive\/folders\/19V19YheUAA31spsNWC8X0sijLYNZE2c5?usp=sharing\">T\u00e1j\u00e9koztat\u00f3<\/a><\/p>\n","protected":false},"excerpt":{"rendered":"<p>T\u00e1j\u00e9koztat\u00f3<\/p>\n","protected":false},"author":1,"featured_media":0,"parent":0,"menu_order":0,"comment_status":"closed","ping_status":"closed","template":"","meta":{"footnotes":"","_links_to":"","_links_to_target":""},"class_list":["post-16","page","type-page","status-publish","hentry"],"_links":{"self":[{"href":"https:\/\/szent-erzsebet.hu\/gimnazium\/wp-json\/wp\/v2\/pages\/16","targetHints":{"allow":["GET"]}}],"collection":[{"href":"https:\/\/szent-erzsebet.hu\/gimnazium\/wp-json\/wp\/v2\/pages"}],"about":[{"href":"https:\/\/szent-erzsebet.hu\/gimnazium\/wp-json\/wp\/v2\/types\/page"}],"author":[{"embeddable":true,"href":"https:\/\/szent-erzsebet.hu\/gimnazium\/wp-json\/wp\/v2\/users\/1"}],"replies":[{"embeddable":true,"href":"https:\/\/szent-erzsebet.hu\/gimnazium\/wp-json\/wp\/v2\/comments?post=16"}],"version-history":[{"count":2,"href":"https:\/\/szent-erzsebet.hu\/gimnazium\/wp-json\/wp\/v2\/pages\/16\/revisions"}],"predecessor-version":[{"id":2027,"href":"https:\/\/szent-erzsebet.hu\/gimnazium\/wp-json\/wp\/v2\/pages\/16\/revisions\/2027"}],"wp:attachment":[{"href":"https:\/\/szent-erzsebet.hu\/gimnazium\/wp-json\/wp\/v2\/media?parent=16"}],"curies":[{"name":"wp","href":"https:\/\/api.w.org\/{rel}","templated":true}]}}