{"id":984,"date":"2020-03-03T15:45:53","date_gmt":"2020-03-03T14:45:53","guid":{"rendered":"http:\/\/szent-erzsebet.hu\/gimnazium\/?page_id=984"},"modified":"2020-03-03T15:45:53","modified_gmt":"2020-03-03T14:45:53","slug":"tollaslabda-sikerek","status":"publish","type":"page","link":"https:\/\/szent-erzsebet.hu\/gimnazium\/tollaslabda-sikerek\/","title":{"rendered":"TOLLASLABDA SIKEREK!!"},"content":{"rendered":"\n<p><em>2020. febru\u00e1r 29-\u00e9n rendezt\u00e9k Sereg\u00e9lyesen a Tollaslabda Di\u00e1kolimpia Ter\u00fcleti D\u00f6nt\u0151j\u00e9t.<\/em><\/p>\n\n\n\n<p><em>Az \u00c1rp\u00e1d-h\u00e1zi Szent Erzs\u00e9bet Gimn\u00e1zium, \u00d3voda \u00e9s \u00c1ltal\u00e1nos. Iskola. di\u00e1kjai k\u00f6z\u00fcl 11 f\u0151 vett r\u00e9szt az esem\u00e9nyen. K\u00f6z\u00fcl\u00fck 7-en a dobog\u00f3ra is fel\u00e1llhattak, \u00edgy tov\u00e1bbjutottak a Di\u00e1kolimpia Orsz\u00e1gos D\u00f6nt\u0151j\u00e9be.<\/em><\/p>\n\n\n\n<p><em>EREDM\u00c9NYEK:<\/em><\/p>\n\n\n\n<p><em>2. KORCSOPORT L\u00c1NY:<\/em><br><em>Viszolai Fl\u00f3ra \u2013 ez\u00fcst\u00e9rem<\/em><\/p>\n\n\n\n<p><em>3. KORCSOPORT L\u00c1NY:<\/em><br><em>Willner-Haring D\u00f3ra \u2013 ez\u00fcst\u00e9rem<\/em><\/p>\n\n\n\n<p><em>3. KORCSOPORT FI\u00da:<\/em><br><em>Kov\u00e1cs M\u00e1rk \u2013 arany\u00e9rem<\/em><\/p>\n\n\n\n<p><em>4. KORCSOPORT L\u00c1NY:<\/em><br><em>Nagy \u00c1gnes \u2013 bronz\u00e9rem<\/em><\/p>\n\n\n\n<p><em>4. KORCSOPORT FI\u00da:<\/em><br><em>Ungi B\u00e1lint \u2013 bronz\u00e9rem<\/em><\/p>\n\n\n\n<p><em>5. KORCSOPORT L\u00c1NY:<\/em><br><em>Kov\u00e1cs Hanna \u2013 bronz\u00e9rem<\/em><\/p>\n\n\n\n<p><em>6.KORCSOPORT FI\u00da:<\/em><br><em>Bors M\u00e1ty\u00e1s \u2013 bronz\u00e9rem<\/em><\/p>\n\n\n\n<p><em>A k\u00f6vetkez\u0151 di\u00e1kok a saj\u00e1t korcsoportjukban az 5-8. helyen v\u00e9geztek, \u00edgy nem jutottak tov\u00e1bb: Vereczkei M\u00e1t\u00e9, Viszolai Laura, Bors Veronika, K\u00e9ner Bonif\u00e1c.<\/em><\/p>\n\n\n\n<figure class=\"wp-block-image\"><img loading=\"lazy\" decoding=\"async\" width=\"1024\" height=\"768\" src=\"http:\/\/szent-erzsebet.hu\/gimnazium\/wp-content\/uploads\/sites\/5\/2020\/03\/IMG_20200229_115431-1024x768.jpg\" alt=\"\" class=\"wp-image-975\" srcset=\"https:\/\/szent-erzsebet.hu\/gimnazium\/wp-content\/uploads\/sites\/5\/2020\/03\/IMG_20200229_115431-1024x768.jpg 1024w, https:\/\/szent-erzsebet.hu\/gimnazium\/wp-content\/uploads\/sites\/5\/2020\/03\/IMG_20200229_115431-300x225.jpg 300w, https:\/\/szent-erzsebet.hu\/gimnazium\/wp-content\/uploads\/sites\/5\/2020\/03\/IMG_20200229_115431-768x576.jpg 768w, https:\/\/szent-erzsebet.hu\/gimnazium\/wp-content\/uploads\/sites\/5\/2020\/03\/IMG_20200229_115431.jpg 1040w\" sizes=\"auto, (max-width: 1024px) 100vw, 1024px\" \/><\/figure>\n\n\n\n<figure class=\"wp-block-image\"><img loading=\"lazy\" decoding=\"async\" width=\"1024\" height=\"768\" src=\"http:\/\/szent-erzsebet.hu\/gimnazium\/wp-content\/uploads\/sites\/5\/2020\/03\/IMG_20200229_115619-1024x768.jpg\" alt=\"\" class=\"wp-image-976\" srcset=\"https:\/\/szent-erzsebet.hu\/gimnazium\/wp-content\/uploads\/sites\/5\/2020\/03\/IMG_20200229_115619-1024x768.jpg 1024w, https:\/\/szent-erzsebet.hu\/gimnazium\/wp-content\/uploads\/sites\/5\/2020\/03\/IMG_20200229_115619-300x225.jpg 300w, https:\/\/szent-erzsebet.hu\/gimnazium\/wp-content\/uploads\/sites\/5\/2020\/03\/IMG_20200229_115619-768x576.jpg 768w, https:\/\/szent-erzsebet.hu\/gimnazium\/wp-content\/uploads\/sites\/5\/2020\/03\/IMG_20200229_115619.jpg 1040w\" sizes=\"auto, (max-width: 1024px) 100vw, 1024px\" \/><\/figure>\n\n\n\n<figure class=\"wp-block-image\"><img loading=\"lazy\" decoding=\"async\" width=\"1024\" height=\"768\" src=\"http:\/\/szent-erzsebet.hu\/gimnazium\/wp-content\/uploads\/sites\/5\/2020\/03\/IMG_20200229_140937-1024x768.jpg\" alt=\"\" class=\"wp-image-977\" srcset=\"https:\/\/szent-erzsebet.hu\/gimnazium\/wp-content\/uploads\/sites\/5\/2020\/03\/IMG_20200229_140937-1024x768.jpg 1024w, https:\/\/szent-erzsebet.hu\/gimnazium\/wp-content\/uploads\/sites\/5\/2020\/03\/IMG_20200229_140937-300x225.jpg 300w, https:\/\/szent-erzsebet.hu\/gimnazium\/wp-content\/uploads\/sites\/5\/2020\/03\/IMG_20200229_140937-768x576.jpg 768w, https:\/\/szent-erzsebet.hu\/gimnazium\/wp-content\/uploads\/sites\/5\/2020\/03\/IMG_20200229_140937.jpg 1040w\" sizes=\"auto, (max-width: 1024px) 100vw, 1024px\" \/><\/figure>\n\n\n\n<figure class=\"wp-block-image\"><img loading=\"lazy\" decoding=\"async\" width=\"1024\" height=\"768\" src=\"http:\/\/szent-erzsebet.hu\/gimnazium\/wp-content\/uploads\/sites\/5\/2020\/03\/IMG_20200229_140807-1024x768.jpg\" alt=\"\" class=\"wp-image-978\" srcset=\"https:\/\/szent-erzsebet.hu\/gimnazium\/wp-content\/uploads\/sites\/5\/2020\/03\/IMG_20200229_140807-1024x768.jpg 1024w, https:\/\/szent-erzsebet.hu\/gimnazium\/wp-content\/uploads\/sites\/5\/2020\/03\/IMG_20200229_140807-300x225.jpg 300w, https:\/\/szent-erzsebet.hu\/gimnazium\/wp-content\/uploads\/sites\/5\/2020\/03\/IMG_20200229_140807-768x576.jpg 768w, https:\/\/szent-erzsebet.hu\/gimnazium\/wp-content\/uploads\/sites\/5\/2020\/03\/IMG_20200229_140807.jpg 1040w\" sizes=\"auto, (max-width: 1024px) 100vw, 1024px\" \/><\/figure>\n\n\n\n<figure class=\"wp-block-image\"><img loading=\"lazy\" decoding=\"async\" width=\"1024\" height=\"768\" src=\"http:\/\/szent-erzsebet.hu\/gimnazium\/wp-content\/uploads\/sites\/5\/2020\/03\/IMG_20200229_134843-1024x768.jpg\" alt=\"\" class=\"wp-image-979\" srcset=\"https:\/\/szent-erzsebet.hu\/gimnazium\/wp-content\/uploads\/sites\/5\/2020\/03\/IMG_20200229_134843-1024x768.jpg 1024w, https:\/\/szent-erzsebet.hu\/gimnazium\/wp-content\/uploads\/sites\/5\/2020\/03\/IMG_20200229_134843-300x225.jpg 300w, https:\/\/szent-erzsebet.hu\/gimnazium\/wp-content\/uploads\/sites\/5\/2020\/03\/IMG_20200229_134843-768x576.jpg 768w, https:\/\/szent-erzsebet.hu\/gimnazium\/wp-content\/uploads\/sites\/5\/2020\/03\/IMG_20200229_134843.jpg 1040w\" sizes=\"auto, (max-width: 1024px) 100vw, 1024px\" \/><\/figure>\n\n\n\n<figure class=\"wp-block-image\"><img loading=\"lazy\" decoding=\"async\" width=\"1024\" height=\"768\" src=\"http:\/\/szent-erzsebet.hu\/gimnazium\/wp-content\/uploads\/sites\/5\/2020\/03\/IMG_20200229_115959-1024x768.jpg\" alt=\"\" class=\"wp-image-980\" srcset=\"https:\/\/szent-erzsebet.hu\/gimnazium\/wp-content\/uploads\/sites\/5\/2020\/03\/IMG_20200229_115959-1024x768.jpg 1024w, https:\/\/szent-erzsebet.hu\/gimnazium\/wp-content\/uploads\/sites\/5\/2020\/03\/IMG_20200229_115959-300x225.jpg 300w, https:\/\/szent-erzsebet.hu\/gimnazium\/wp-content\/uploads\/sites\/5\/2020\/03\/IMG_20200229_115959-768x576.jpg 768w, https:\/\/szent-erzsebet.hu\/gimnazium\/wp-content\/uploads\/sites\/5\/2020\/03\/IMG_20200229_115959.jpg 1040w\" sizes=\"auto, (max-width: 1024px) 100vw, 1024px\" \/><\/figure>\n\n\n\n<figure class=\"wp-block-image\"><img loading=\"lazy\" decoding=\"async\" width=\"1024\" height=\"768\" src=\"http:\/\/szent-erzsebet.hu\/gimnazium\/wp-content\/uploads\/sites\/5\/2020\/03\/IMG_20200229_115834-1024x768.jpg\" alt=\"\" class=\"wp-image-981\" srcset=\"https:\/\/szent-erzsebet.hu\/gimnazium\/wp-content\/uploads\/sites\/5\/2020\/03\/IMG_20200229_115834-1024x768.jpg 1024w, https:\/\/szent-erzsebet.hu\/gimnazium\/wp-content\/uploads\/sites\/5\/2020\/03\/IMG_20200229_115834-300x225.jpg 300w, https:\/\/szent-erzsebet.hu\/gimnazium\/wp-content\/uploads\/sites\/5\/2020\/03\/IMG_20200229_115834-768x576.jpg 768w, https:\/\/szent-erzsebet.hu\/gimnazium\/wp-content\/uploads\/sites\/5\/2020\/03\/IMG_20200229_115834.jpg 1040w\" sizes=\"auto, (max-width: 1024px) 100vw, 1024px\" \/><\/figure>\n\n\n\n<p><em>Ism\u00e9telten megk\u00f6sz\u00f6n\u00f6m az egyes\u00fcletben dolgoz\u00f3 edz\u0151k munk\u00e1j\u00e1t \u00e9s tov\u00e1bbi sikereket k\u00edv\u00e1nunk!!<\/em><\/p>\n\n\n\n<p><em>Esztergom, 2020. 03. 03.<\/em><br><em>Taicht Istv\u00e1n<\/em><\/p>\n","protected":false},"excerpt":{"rendered":"<p>2020. febru\u00e1r 29-\u00e9n rendezt\u00e9k Sereg\u00e9lyesen a Tollaslabda Di\u00e1kolimpia Ter\u00fcleti D\u00f6nt\u0151j\u00e9t. Az \u00c1rp\u00e1d-h\u00e1zi Szent Erzs\u00e9bet Gimn\u00e1zium, \u00d3voda \u00e9s \u00c1ltal\u00e1nos. Iskola. di\u00e1kjai k\u00f6z\u00fcl 11 f\u0151 vett r\u00e9szt az esem\u00e9nyen. K\u00f6z\u00fcl\u00fck 7-en a dobog\u00f3ra is fel\u00e1llhattak, \u00edgy&#46;&#46;&#46;<\/p>\n","protected":false},"author":1,"featured_media":0,"parent":0,"menu_order":0,"comment_status":"closed","ping_status":"closed","template":"","meta":{"footnotes":"","_links_to":"","_links_to_target":""},"class_list":["post-984","page","type-page","status-publish","hentry"],"_links":{"self":[{"href":"https:\/\/szent-erzsebet.hu\/gimnazium\/wp-json\/wp\/v2\/pages\/984","targetHints":{"allow":["GET"]}}],"collection":[{"href":"https:\/\/szent-erzsebet.hu\/gimnazium\/wp-json\/wp\/v2\/pages"}],"about":[{"href":"https:\/\/szent-erzsebet.hu\/gimnazium\/wp-json\/wp\/v2\/types\/page"}],"author":[{"embeddable":true,"href":"https:\/\/szent-erzsebet.hu\/gimnazium\/wp-json\/wp\/v2\/users\/1"}],"replies":[{"embeddable":true,"href":"https:\/\/szent-erzsebet.hu\/gimnazium\/wp-json\/wp\/v2\/comments?post=984"}],"version-history":[{"count":1,"href":"https:\/\/szent-erzsebet.hu\/gimnazium\/wp-json\/wp\/v2\/pages\/984\/revisions"}],"predecessor-version":[{"id":985,"href":"https:\/\/szent-erzsebet.hu\/gimnazium\/wp-json\/wp\/v2\/pages\/984\/revisions\/985"}],"wp:attachment":[{"href":"https:\/\/szent-erzsebet.hu\/gimnazium\/wp-json\/wp\/v2\/media?parent=984"}],"curies":[{"name":"wp","href":"https:\/\/api.w.org\/{rel}","templated":true}]}}

<p><em>2020. február 29-én rendezték Seregélyesen a Tollaslabda Diákolimpia Területi Döntőjét.</em></p>



<p><em>Az Árpád-házi Szent Erzsébet Gimnázium, Óvoda és Általános. Iskola. diákjai közül 11 fő vett részt az eseményen. Közülük 7-en a dobogóra is felállhattak, így továbbjutottak a Diákolimpia Országos Döntőjébe.</em></p>



<p><em>EREDMÉNYEK:</em></p>



<p><em>2. KORCSOPORT LÁNY:</em><br><em>Viszolai Flóra – ezüstérem</em></p>



<p><em>3. KORCSOPORT LÁNY:</em><br><em>Willner-Haring Dóra – ezüstérem</em></p>



<p><em>3. KORCSOPORT FIÚ:</em><br><em>Kovács Márk – aranyérem</em></p>



<p><em>4. KORCSOPORT LÁNY:</em><br><em>Nagy Ágnes – bronzérem</em></p>



<p><em>4. KORCSOPORT FIÚ:</em><br><em>Ungi Bálint – bronzérem</em></p>



<p><em>5. KORCSOPORT LÁNY:</em><br><em>Kovács Hanna – bronzérem</em></p>



<p><em>6.KORCSOPORT FIÚ:</em><br><em>Bors Mátyás – bronzérem</em></p>



<p><em>A következő diákok a saját korcsoportjukban az 5-8. helyen végeztek, így nem jutottak tovább: Vereczkei Máté, Viszolai Laura, Bors Veronika, Kéner Bonifác.</em></p>



<figure class="wp-block-image"><img loading="lazy" decoding="async" width="1024" height="768" src="http://szent-erzsebet.hu/gimnazium/wp-content/uploads/sites/5/2020/03/IMG_20200229_115431-1024x768.jpg" alt="" class="wp-image-975" srcset="https://szent-erzsebet.hu/gimnazium/wp-content/uploads/sites/5/2020/03/IMG_20200229_115431-1024x768.jpg 1024w, https://szent-erzsebet.hu/gimnazium/wp-content/uploads/sites/5/2020/03/IMG_20200229_115431-300x225.jpg 300w, https://szent-erzsebet.hu/gimnazium/wp-content/uploads/sites/5/2020/03/IMG_20200229_115431-768x576.jpg 768w, https://szent-erzsebet.hu/gimnazium/wp-content/uploads/sites/5/2020/03/IMG_20200229_115431.jpg 1040w" sizes="auto, (max-width: 1024px) 100vw, 1024px" /></figure>



<figure class="wp-block-image"><img loading="lazy" decoding="async" width="1024" height="768" src="http://szent-erzsebet.hu/gimnazium/wp-content/uploads/sites/5/2020/03/IMG_20200229_115619-1024x768.jpg" alt="" class="wp-image-976" srcset="https://szent-erzsebet.hu/gimnazium/wp-content/uploads/sites/5/2020/03/IMG_20200229_115619-1024x768.jpg 1024w, https://szent-erzsebet.hu/gimnazium/wp-content/uploads/sites/5/2020/03/IMG_20200229_115619-300x225.jpg 300w, https://szent-erzsebet.hu/gimnazium/wp-content/uploads/sites/5/2020/03/IMG_20200229_115619-768x576.jpg 768w, https://szent-erzsebet.hu/gimnazium/wp-content/uploads/sites/5/2020/03/IMG_20200229_115619.jpg 1040w" sizes="auto, (max-width: 1024px) 100vw, 1024px" /></figure>



<figure class="wp-block-image"><img loading="lazy" decoding="async" width="1024" height="768" src="http://szent-erzsebet.hu/gimnazium/wp-content/uploads/sites/5/2020/03/IMG_20200229_140937-1024x768.jpg" alt="" class="wp-image-977" srcset="https://szent-erzsebet.hu/gimnazium/wp-content/uploads/sites/5/2020/03/IMG_20200229_140937-1024x768.jpg 1024w, https://szent-erzsebet.hu/gimnazium/wp-content/uploads/sites/5/2020/03/IMG_20200229_140937-300x225.jpg 300w, https://szent-erzsebet.hu/gimnazium/wp-content/uploads/sites/5/2020/03/IMG_20200229_140937-768x576.jpg 768w, https://szent-erzsebet.hu/gimnazium/wp-content/uploads/sites/5/2020/03/IMG_20200229_140937.jpg 1040w" sizes="auto, (max-width: 1024px) 100vw, 1024px" /></figure>



<figure class="wp-block-image"><img loading="lazy" decoding="async" width="1024" height="768" src="http://szent-erzsebet.hu/gimnazium/wp-content/uploads/sites/5/2020/03/IMG_20200229_140807-1024x768.jpg" alt="" class="wp-image-978" srcset="https://szent-erzsebet.hu/gimnazium/wp-content/uploads/sites/5/2020/03/IMG_20200229_140807-1024x768.jpg 1024w, https://szent-erzsebet.hu/gimnazium/wp-content/uploads/sites/5/2020/03/IMG_20200229_140807-300x225.jpg 300w, https://szent-erzsebet.hu/gimnazium/wp-content/uploads/sites/5/2020/03/IMG_20200229_140807-768x576.jpg 768w, https://szent-erzsebet.hu/gimnazium/wp-content/uploads/sites/5/2020/03/IMG_20200229_140807.jpg 1040w" sizes="auto, (max-width: 1024px) 100vw, 1024px" /></figure>



<figure class="wp-block-image"><img loading="lazy" decoding="async" width="1024" height="768" src="http://szent-erzsebet.hu/gimnazium/wp-content/uploads/sites/5/2020/03/IMG_20200229_134843-1024x768.jpg" alt="" class="wp-image-979" srcset="https://szent-erzsebet.hu/gimnazium/wp-content/uploads/sites/5/2020/03/IMG_20200229_134843-1024x768.jpg 1024w, https://szent-erzsebet.hu/gimnazium/wp-content/uploads/sites/5/2020/03/IMG_20200229_134843-300x225.jpg 300w, https://szent-erzsebet.hu/gimnazium/wp-content/uploads/sites/5/2020/03/IMG_20200229_134843-768x576.jpg 768w, https://szent-erzsebet.hu/gimnazium/wp-content/uploads/sites/5/2020/03/IMG_20200229_134843.jpg 1040w" sizes="auto, (max-width: 1024px) 100vw, 1024px" /></figure>



<figure class="wp-block-image"><img loading="lazy" decoding="async" width="1024" height="768" src="http://szent-erzsebet.hu/gimnazium/wp-content/uploads/sites/5/2020/03/IMG_20200229_115959-1024x768.jpg" alt="" class="wp-image-980" srcset="https://szent-erzsebet.hu/gimnazium/wp-content/uploads/sites/5/2020/03/IMG_20200229_115959-1024x768.jpg 1024w, https://szent-erzsebet.hu/gimnazium/wp-content/uploads/sites/5/2020/03/IMG_20200229_115959-300x225.jpg 300w, https://szent-erzsebet.hu/gimnazium/wp-content/uploads/sites/5/2020/03/IMG_20200229_115959-768x576.jpg 768w, https://szent-erzsebet.hu/gimnazium/wp-content/uploads/sites/5/2020/03/IMG_20200229_115959.jpg 1040w" sizes="auto, (max-width: 1024px) 100vw, 1024px" /></figure>



<figure class="wp-block-image"><img loading="lazy" decoding="async" width="1024" height="768" src="http://szent-erzsebet.hu/gimnazium/wp-content/uploads/sites/5/2020/03/IMG_20200229_115834-1024x768.jpg" alt="" class="wp-image-981" srcset="https://szent-erzsebet.hu/gimnazium/wp-content/uploads/sites/5/2020/03/IMG_20200229_115834-1024x768.jpg 1024w, https://szent-erzsebet.hu/gimnazium/wp-content/uploads/sites/5/2020/03/IMG_20200229_115834-300x225.jpg 300w, https://szent-erzsebet.hu/gimnazium/wp-content/uploads/sites/5/2020/03/IMG_20200229_115834-768x576.jpg 768w, https://szent-erzsebet.hu/gimnazium/wp-content/uploads/sites/5/2020/03/IMG_20200229_115834.jpg 1040w" sizes="auto, (max-width: 1024px) 100vw, 1024px" /></figure>



<p><em>Ismételten megköszönöm az egyesületben dolgozó edzők munkáját és további sikereket kívánunk!!</em></p>



<p><em>Esztergom, 2020. 03. 03.</em><br><em>Taicht István</em></p>

<p>2020. február 29-én rendezték Seregélyesen a Tollaslabda Diákolimpia Területi Döntőjét. Az Árpád-házi Szent Erzsébet Gimnázium, Óvoda és Általános. Iskola. diákjai közül 11 fő vett részt az eseményen. Közülük 7-en a dobogóra is felállhattak, így&#46;&#46;&#46;</p>
