{"id":1119,"date":"2021-01-06T12:36:41","date_gmt":"2021-01-06T11:36:41","guid":{"rendered":"http:\/\/szent-erzsebet.hu\/iskola\/?page_id=1119"},"modified":"2026-04-14T08:35:06","modified_gmt":"2026-04-14T07:35:06","slug":"beiratkozas-2021","status":"publish","type":"page","link":"https:\/\/szent-erzsebet.hu\/iskola\/beiratkozas-2021\/","title":{"rendered":"Beiratkoz\u00e1s 2026\/2027"},"content":{"rendered":"\n<figure class=\"wp-block-image size-full\"><a href=\"https:\/\/forms.gle\/zMWP9m6EegKs2cqr9\" target=\"_blank\" rel=\" noreferrer noopener\"><img loading=\"lazy\" decoding=\"async\" width=\"1920\" height=\"480\" src=\"https:\/\/szent-erzsebet.hu\/iskola\/wp-content\/uploads\/sites\/3\/2026\/02\/also.png\" alt=\"\" class=\"wp-image-2515\" srcset=\"https:\/\/szent-erzsebet.hu\/iskola\/wp-content\/uploads\/sites\/3\/2026\/02\/also.png 1920w, https:\/\/szent-erzsebet.hu\/iskola\/wp-content\/uploads\/sites\/3\/2026\/02\/also-300x75.png 300w, https:\/\/szent-erzsebet.hu\/iskola\/wp-content\/uploads\/sites\/3\/2026\/02\/also-768x192.png 768w, https:\/\/szent-erzsebet.hu\/iskola\/wp-content\/uploads\/sites\/3\/2026\/02\/also-1536x384.png 1536w\" sizes=\"auto, (max-width: 1920px) 100vw, 1920px\" \/><\/a><\/figure>\n\n\n\n<p>Tisztelt Sz\u00fcl\u0151k!<\/p>\n\n\n\n<p>T\u00e1j\u00e9koztatjuk \u00d6n\u00f6ket, hogy hogy a 2026\/2027-es tan\u00e9v \u00e1ltal\u00e1nos iskolai els\u0151 \u00e9vfolyam\u00e1ba beiratkoz\u00e1st tartunk a kihirdetett id\u0151pontoknak megfelel\u0151en:<\/p>\n\n\n\n<p>2026. \u00e1prilis 23-\u00e1n 8:00 \u00f3r\u00e1t\u00f3l 19:00 \u00f3r\u00e1ig<br>2026. \u00e1prilis 24-\u00e9n 8:00 \u00f3r\u00e1t\u00f3l 18:00 \u00f3r\u00e1ig<\/p>\n\n\n\n<p>Helye:&nbsp;<em>\u00c1rp\u00e1d-h\u00e1zi Szent Erzs\u00e9bet \u00c1ltal\u00e1nos Iskola<\/em><br><em>P\u00e1zm\u00e1ny P\u00e9ter utca 16.<\/em><\/p>\n\n\n\n<p>A beiratkoz\u00e1shoz az al\u00e1bbi dokumentumokra lesz sz\u00fcks\u00e9g:<\/p>\n\n\n\n<p>&#8211;&nbsp;<a rel=\"noreferrer noopener\" href=\"https:\/\/szent-erzsebet.hu\/iskola\/2021\/04\/01\/dokumentumok-az-altalanos-iskola-oldalahoz\/\" target=\"_blank\">Jelentkez\u00e9si lap<\/a><\/p>\n\n\n\n<p>&#8211;&nbsp;<a rel=\"noreferrer noopener\" href=\"https:\/\/szent-erzsebet.hu\/iskola\/2021\/04\/01\/dokumentumok-az-altalanos-iskola-oldalahoz\/\" target=\"_blank\">Nevel\u00e9si nyilatkozat a h\u00e1zirend elfogad\u00e1s\u00e1r\u00f3l<\/a><\/p>\n\n\n\n<p>&#8211;&nbsp;<a rel=\"noreferrer noopener\" href=\"https:\/\/szent-erzsebet.hu\/iskola\/2021\/04\/01\/dokumentumok-az-altalanos-iskola-oldalahoz\/\" target=\"_blank\">Pl\u00e9b\u00e1nosi\/lelk\u00e9szi aj\u00e1nl\u00e1s<\/a><\/p>\n\n\n\n<p>&#8211; <a rel=\"noreferrer noopener\" href=\"https:\/\/szent-erzsebet.hu\/iskola\/2021\/04\/01\/dokumentumok-az-altalanos-iskola-oldalahoz\/\" target=\"_blank\">Adatkezel\u00e9si nyilatkozat<\/a><\/p>\n\n\n\n<p>&#8211; OM azonos\u00edt\u00f3, melyet az \u00f3vod\u00e1b\u00f3l lehet elk\u00e9rni<\/p>\n\n\n\n<p>&#8211; Sz\u00fclet\u00e9si anyak\u00f6nyvi kivonat<\/p>\n\n\n\n<p>&#8211; Lakc\u00edm nyilv\u00e1ntart\u00f3 k\u00e1rtya<\/p>\n\n\n\n<p>&#8211; TAJ k\u00e1rtya<\/p>\n\n\n\n<p>&#8211; Keresztlev\u00e9l<\/p>\n\n\n\n<p>Az idei tan\u00e9vben is lehet\u0151s\u00e9g van id\u0151pont foglal\u00e1sra 2026. \u00e1prilis 14-t\u0151l az al\u00e1bbi linken el\u00e9rhet\u0151 fel\u00fcleten.<\/p>\n\n\n\n<p class=\"has-text-align-center\"><strong>&lt;&lt;&lt;<a href=\"https:\/\/forms.gle\/zMWP9m6EegKs2cqr9\" target=\"_blank\" rel=\"noreferrer noopener\">BEIRATKOZ\u00c1S<\/a>>>><\/strong><\/p>\n\n\n\n<p>K\u00e9rj\u00fck, seg\u00edts\u00e9k munk\u00e1nkat azzal, hogy kit\u00f6ltik elektronikusan a k\u00e9rt adatokat \u00e9s el\u0151k\u00e9sz\u00edtik a sz\u00fcks\u00e9ges dokumentumok szkennelt vagy fot\u00f3zott p\u00e9ld\u00e1nyait. Term\u00e9szetesen a szem\u00e9lyes tal\u00e1lkoz\u00f3n is lehet\u0151s\u00e9g van a m\u00e1solatok elk\u00e9sz\u00edt\u00e9s\u00e9re. Az online adatfelt\u00f6lt\u00e9s nem helyettes\u00edti a szem\u00e9lyes beiratkoz\u00e1st, \u00edgy a beiratkoz\u00e1si napokon mindk\u00e9t sz\u00fcl\u0151 szem\u00e9lyes jelenl\u00e9te mindenk\u00e9ppen sz\u00fcks\u00e9ges. Ha szeretn\u00e9k, elhozhatj\u00e1k gyermek\u00fcket is.<\/p>\n\n\n\n<p>K\u00f6sz\u00f6nj\u00fck egy\u00fcttm\u0171k\u00f6d\u00e9s\u00fcket!<\/p>\n\n\n\n<p><\/p>\n","protected":false},"excerpt":{"rendered":"<p>Tisztelt Sz\u00fcl\u0151k! T\u00e1j\u00e9koztatjuk \u00d6n\u00f6ket, hogy hogy a 2026\/2027-es tan\u00e9v \u00e1ltal\u00e1nos iskolai els\u0151 \u00e9vfolyam\u00e1ba beiratkoz\u00e1st tartunk a kihirdetett id\u0151pontoknak megfelel\u0151en: 2026. \u00e1prilis 23-\u00e1n 8:00 \u00f3r\u00e1t\u00f3l 19:00 \u00f3r\u00e1ig2026. \u00e1prilis 24-\u00e9n 8:00 \u00f3r\u00e1t\u00f3l 18:00 \u00f3r\u00e1ig Helye:&nbsp;\u00c1rp\u00e1d-h\u00e1zi Szent&#46;&#46;&#46;<\/p>\n","protected":false},"author":1,"featured_media":0,"parent":0,"menu_order":0,"comment_status":"closed","ping_status":"closed","template":"","meta":{"footnotes":"","_links_to":"","_links_to_target":""},"class_list":["post-1119","page","type-page","status-publish","hentry"],"_links":{"self":[{"href":"https:\/\/szent-erzsebet.hu\/iskola\/wp-json\/wp\/v2\/pages\/1119","targetHints":{"allow":["GET"]}}],"collection":[{"href":"https:\/\/szent-erzsebet.hu\/iskola\/wp-json\/wp\/v2\/pages"}],"about":[{"href":"https:\/\/szent-erzsebet.hu\/iskola\/wp-json\/wp\/v2\/types\/page"}],"author":[{"embeddable":true,"href":"https:\/\/szent-erzsebet.hu\/iskola\/wp-json\/wp\/v2\/users\/1"}],"replies":[{"embeddable":true,"href":"https:\/\/szent-erzsebet.hu\/iskola\/wp-json\/wp\/v2\/comments?post=1119"}],"version-history":[{"count":23,"href":"https:\/\/szent-erzsebet.hu\/iskola\/wp-json\/wp\/v2\/pages\/1119\/revisions"}],"predecessor-version":[{"id":2639,"href":"https:\/\/szent-erzsebet.hu\/iskola\/wp-json\/wp\/v2\/pages\/1119\/revisions\/2639"}],"wp:attachment":[{"href":"https:\/\/szent-erzsebet.hu\/iskola\/wp-json\/wp\/v2\/media?parent=1119"}],"curies":[{"name":"wp","href":"https:\/\/api.w.org\/{rel}","templated":true}]}}