{"id":1170,"date":"2021-02-09T12:16:57","date_gmt":"2021-02-09T11:16:57","guid":{"rendered":"http:\/\/szent-erzsebet.hu\/iskola\/?page_id=1170"},"modified":"2021-02-09T12:16:57","modified_gmt":"2021-02-09T11:16:57","slug":"also-tagozatos-erzsebetes-rajzszakkor","status":"publish","type":"page","link":"https:\/\/szent-erzsebet.hu\/iskola\/also-tagozatos-erzsebetes-rajzszakkor\/","title":{"rendered":"ALS\u00d3 TAGOZATOS ERZS\u00c9BETES RAJZSZAKK\u00d6R"},"content":{"rendered":"\n<p> Iskol\u00e1nk als\u00f3 tagozat\u00e1nak rajzszakk\u00f6r\u00e9n Bea n\u00e9ni \u00e9s Kati n\u00e9ni ir\u00e1ny\u00edt\u00e1s\u00e1val sok-sok sz\u00e9p alkot\u00e1st k\u00e9sz\u00edtenek kisdi\u00e1kjaink.<\/p>\n\n\n\n<div class=\"wp-block-image\"><figure class=\"aligncenter\"><img loading=\"lazy\" decoding=\"async\" width=\"566\" height=\"756\" src=\"http:\/\/szent-erzsebet.hu\/iskola\/wp-content\/uploads\/sites\/3\/2021\/02\/received_713050132931960.jpeg\" alt=\"\" class=\"wp-image-1167\" srcset=\"https:\/\/szent-erzsebet.hu\/iskola\/wp-content\/uploads\/sites\/3\/2021\/02\/received_713050132931960.jpeg 566w, https:\/\/szent-erzsebet.hu\/iskola\/wp-content\/uploads\/sites\/3\/2021\/02\/received_713050132931960-225x300.jpeg 225w\" sizes=\"auto, (max-width: 566px) 100vw, 566px\" \/><\/figure><\/div>\n\n\n\n<div class=\"wp-block-image\"><figure class=\"aligncenter\"><img loading=\"lazy\" decoding=\"async\" width=\"1536\" height=\"2048\" src=\"http:\/\/szent-erzsebet.hu\/iskola\/wp-content\/uploads\/sites\/3\/2021\/02\/received_464517308253444.jpeg\" alt=\"\" class=\"wp-image-1166\" srcset=\"https:\/\/szent-erzsebet.hu\/iskola\/wp-content\/uploads\/sites\/3\/2021\/02\/received_464517308253444.jpeg 1536w, https:\/\/szent-erzsebet.hu\/iskola\/wp-content\/uploads\/sites\/3\/2021\/02\/received_464517308253444-225x300.jpeg 225w, https:\/\/szent-erzsebet.hu\/iskola\/wp-content\/uploads\/sites\/3\/2021\/02\/received_464517308253444-768x1024.jpeg 768w\" sizes=\"auto, (max-width: 1536px) 100vw, 1536px\" \/><\/figure><\/div>\n\n\n\n<div class=\"wp-block-image\"><figure class=\"aligncenter\"><img loading=\"lazy\" decoding=\"async\" width=\"1536\" height=\"2048\" src=\"http:\/\/szent-erzsebet.hu\/iskola\/wp-content\/uploads\/sites\/3\/2021\/02\/received_611751896323633.jpeg\" alt=\"\" class=\"wp-image-1165\" srcset=\"https:\/\/szent-erzsebet.hu\/iskola\/wp-content\/uploads\/sites\/3\/2021\/02\/received_611751896323633.jpeg 1536w, https:\/\/szent-erzsebet.hu\/iskola\/wp-content\/uploads\/sites\/3\/2021\/02\/received_611751896323633-225x300.jpeg 225w, https:\/\/szent-erzsebet.hu\/iskola\/wp-content\/uploads\/sites\/3\/2021\/02\/received_611751896323633-768x1024.jpeg 768w\" sizes=\"auto, (max-width: 1536px) 100vw, 1536px\" \/><\/figure><\/div>\n\n\n\n<div class=\"wp-block-image\"><figure class=\"aligncenter\"><img loading=\"lazy\" decoding=\"async\" width=\"1536\" height=\"2048\" src=\"http:\/\/szent-erzsebet.hu\/iskola\/wp-content\/uploads\/sites\/3\/2021\/02\/received_1071736650000242.jpeg\" alt=\"\" class=\"wp-image-1164\" srcset=\"https:\/\/szent-erzsebet.hu\/iskola\/wp-content\/uploads\/sites\/3\/2021\/02\/received_1071736650000242.jpeg 1536w, https:\/\/szent-erzsebet.hu\/iskola\/wp-content\/uploads\/sites\/3\/2021\/02\/received_1071736650000242-225x300.jpeg 225w, https:\/\/szent-erzsebet.hu\/iskola\/wp-content\/uploads\/sites\/3\/2021\/02\/received_1071736650000242-768x1024.jpeg 768w\" sizes=\"auto, (max-width: 1536px) 100vw, 1536px\" \/><\/figure><\/div>\n\n\n\n<div class=\"wp-block-image\"><figure class=\"aligncenter\"><img loading=\"lazy\" decoding=\"async\" width=\"1536\" height=\"2048\" src=\"http:\/\/szent-erzsebet.hu\/iskola\/wp-content\/uploads\/sites\/3\/2021\/02\/received_799052300649769.jpeg\" alt=\"\" class=\"wp-image-1163\" srcset=\"https:\/\/szent-erzsebet.hu\/iskola\/wp-content\/uploads\/sites\/3\/2021\/02\/received_799052300649769.jpeg 1536w, https:\/\/szent-erzsebet.hu\/iskola\/wp-content\/uploads\/sites\/3\/2021\/02\/received_799052300649769-225x300.jpeg 225w, https:\/\/szent-erzsebet.hu\/iskola\/wp-content\/uploads\/sites\/3\/2021\/02\/received_799052300649769-768x1024.jpeg 768w\" sizes=\"auto, (max-width: 1536px) 100vw, 1536px\" \/><\/figure><\/div>\n\n\n\n<div class=\"wp-block-image\"><figure class=\"aligncenter\"><img loading=\"lazy\" decoding=\"async\" width=\"1536\" height=\"2048\" src=\"http:\/\/szent-erzsebet.hu\/iskola\/wp-content\/uploads\/sites\/3\/2021\/02\/received_826871851192281.jpeg\" alt=\"\" class=\"wp-image-1162\" srcset=\"https:\/\/szent-erzsebet.hu\/iskola\/wp-content\/uploads\/sites\/3\/2021\/02\/received_826871851192281.jpeg 1536w, https:\/\/szent-erzsebet.hu\/iskola\/wp-content\/uploads\/sites\/3\/2021\/02\/received_826871851192281-225x300.jpeg 225w, https:\/\/szent-erzsebet.hu\/iskola\/wp-content\/uploads\/sites\/3\/2021\/02\/received_826871851192281-768x1024.jpeg 768w\" sizes=\"auto, (max-width: 1536px) 100vw, 1536px\" \/><\/figure><\/div>\n\n\n\n<div class=\"wp-block-image\"><figure class=\"aligncenter\"><img loading=\"lazy\" decoding=\"async\" width=\"1536\" height=\"2048\" src=\"http:\/\/szent-erzsebet.hu\/iskola\/wp-content\/uploads\/sites\/3\/2021\/02\/received_221606209635710.jpeg\" alt=\"\" class=\"wp-image-1161\" srcset=\"https:\/\/szent-erzsebet.hu\/iskola\/wp-content\/uploads\/sites\/3\/2021\/02\/received_221606209635710.jpeg 1536w, https:\/\/szent-erzsebet.hu\/iskola\/wp-content\/uploads\/sites\/3\/2021\/02\/received_221606209635710-225x300.jpeg 225w, https:\/\/szent-erzsebet.hu\/iskola\/wp-content\/uploads\/sites\/3\/2021\/02\/received_221606209635710-768x1024.jpeg 768w\" sizes=\"auto, (max-width: 1536px) 100vw, 1536px\" \/><\/figure><\/div>\n\n\n\n<div class=\"wp-block-image\"><figure class=\"aligncenter\"><img loading=\"lazy\" decoding=\"async\" width=\"2048\" height=\"1536\" src=\"http:\/\/szent-erzsebet.hu\/iskola\/wp-content\/uploads\/sites\/3\/2021\/02\/received_406586420572470.jpeg\" alt=\"\" class=\"wp-image-1160\" srcset=\"https:\/\/szent-erzsebet.hu\/iskola\/wp-content\/uploads\/sites\/3\/2021\/02\/received_406586420572470.jpeg 2048w, https:\/\/szent-erzsebet.hu\/iskola\/wp-content\/uploads\/sites\/3\/2021\/02\/received_406586420572470-300x225.jpeg 300w, https:\/\/szent-erzsebet.hu\/iskola\/wp-content\/uploads\/sites\/3\/2021\/02\/received_406586420572470-768x576.jpeg 768w\" sizes=\"auto, (max-width: 2048px) 100vw, 2048px\" \/><\/figure><\/div>\n\n\n\n<div class=\"wp-block-image\"><figure class=\"aligncenter\"><img loading=\"lazy\" decoding=\"async\" width=\"1536\" height=\"2048\" src=\"http:\/\/szent-erzsebet.hu\/iskola\/wp-content\/uploads\/sites\/3\/2021\/02\/received_416887362915438.jpeg\" alt=\"\" class=\"wp-image-1159\" srcset=\"https:\/\/szent-erzsebet.hu\/iskola\/wp-content\/uploads\/sites\/3\/2021\/02\/received_416887362915438.jpeg 1536w, https:\/\/szent-erzsebet.hu\/iskola\/wp-content\/uploads\/sites\/3\/2021\/02\/received_416887362915438-225x300.jpeg 225w, https:\/\/szent-erzsebet.hu\/iskola\/wp-content\/uploads\/sites\/3\/2021\/02\/received_416887362915438-768x1024.jpeg 768w\" sizes=\"auto, (max-width: 1536px) 100vw, 1536px\" \/><\/figure><\/div>\n\n\n\n<div class=\"wp-block-image\"><figure class=\"aligncenter\"><img loading=\"lazy\" decoding=\"async\" width=\"1536\" height=\"2048\" src=\"http:\/\/szent-erzsebet.hu\/iskola\/wp-content\/uploads\/sites\/3\/2021\/02\/received_177887270341984.jpeg\" alt=\"\" class=\"wp-image-1158\" srcset=\"https:\/\/szent-erzsebet.hu\/iskola\/wp-content\/uploads\/sites\/3\/2021\/02\/received_177887270341984.jpeg 1536w, https:\/\/szent-erzsebet.hu\/iskola\/wp-content\/uploads\/sites\/3\/2021\/02\/received_177887270341984-225x300.jpeg 225w, https:\/\/szent-erzsebet.hu\/iskola\/wp-content\/uploads\/sites\/3\/2021\/02\/received_177887270341984-768x1024.jpeg 768w\" sizes=\"auto, (max-width: 1536px) 100vw, 1536px\" \/><\/figure><\/div>\n\n\n\n<div class=\"wp-block-image\"><figure class=\"aligncenter\"><img loading=\"lazy\" decoding=\"async\" width=\"1536\" height=\"2048\" src=\"http:\/\/szent-erzsebet.hu\/iskola\/wp-content\/uploads\/sites\/3\/2021\/02\/received_2787690524818403.jpeg\" alt=\"\" class=\"wp-image-1157\" srcset=\"https:\/\/szent-erzsebet.hu\/iskola\/wp-content\/uploads\/sites\/3\/2021\/02\/received_2787690524818403.jpeg 1536w, https:\/\/szent-erzsebet.hu\/iskola\/wp-content\/uploads\/sites\/3\/2021\/02\/received_2787690524818403-225x300.jpeg 225w, https:\/\/szent-erzsebet.hu\/iskola\/wp-content\/uploads\/sites\/3\/2021\/02\/received_2787690524818403-768x1024.jpeg 768w\" sizes=\"auto, (max-width: 1536px) 100vw, 1536px\" \/><\/figure><\/div>\n\n\n\n<div class=\"wp-block-image\"><figure class=\"aligncenter\"><img loading=\"lazy\" decoding=\"async\" width=\"1536\" height=\"2048\" src=\"http:\/\/szent-erzsebet.hu\/iskola\/wp-content\/uploads\/sites\/3\/2021\/02\/received_161410928919281.jpeg\" alt=\"\" class=\"wp-image-1156\" srcset=\"https:\/\/szent-erzsebet.hu\/iskola\/wp-content\/uploads\/sites\/3\/2021\/02\/received_161410928919281.jpeg 1536w, https:\/\/szent-erzsebet.hu\/iskola\/wp-content\/uploads\/sites\/3\/2021\/02\/received_161410928919281-225x300.jpeg 225w, https:\/\/szent-erzsebet.hu\/iskola\/wp-content\/uploads\/sites\/3\/2021\/02\/received_161410928919281-768x1024.jpeg 768w\" sizes=\"auto, (max-width: 1536px) 100vw, 1536px\" \/><\/figure><\/div>\n\n\n\n<figure class=\"wp-block-image\"><img loading=\"lazy\" decoding=\"async\" width=\"1536\" height=\"2048\" src=\"http:\/\/szent-erzsebet.hu\/iskola\/wp-content\/uploads\/sites\/3\/2021\/02\/received_426120175507366.jpeg\" alt=\"\" class=\"wp-image-1155\" srcset=\"https:\/\/szent-erzsebet.hu\/iskola\/wp-content\/uploads\/sites\/3\/2021\/02\/received_426120175507366.jpeg 1536w, https:\/\/szent-erzsebet.hu\/iskola\/wp-content\/uploads\/sites\/3\/2021\/02\/received_426120175507366-225x300.jpeg 225w, https:\/\/szent-erzsebet.hu\/iskola\/wp-content\/uploads\/sites\/3\/2021\/02\/received_426120175507366-768x1024.jpeg 768w\" sizes=\"auto, (max-width: 1536px) 100vw, 1536px\" \/><\/figure>\n\n\n\n<div class=\"wp-block-image\"><figure class=\"aligncenter\"><img loading=\"lazy\" decoding=\"async\" width=\"1536\" height=\"2048\" src=\"http:\/\/szent-erzsebet.hu\/iskola\/wp-content\/uploads\/sites\/3\/2021\/02\/received_798809007376553.jpeg\" alt=\"\" class=\"wp-image-1154\" srcset=\"https:\/\/szent-erzsebet.hu\/iskola\/wp-content\/uploads\/sites\/3\/2021\/02\/received_798809007376553.jpeg 1536w, https:\/\/szent-erzsebet.hu\/iskola\/wp-content\/uploads\/sites\/3\/2021\/02\/received_798809007376553-225x300.jpeg 225w, https:\/\/szent-erzsebet.hu\/iskola\/wp-content\/uploads\/sites\/3\/2021\/02\/received_798809007376553-768x1024.jpeg 768w\" sizes=\"auto, (max-width: 1536px) 100vw, 1536px\" \/><\/figure><\/div>\n\n\n\n<div class=\"wp-block-image\"><figure class=\"aligncenter\"><img loading=\"lazy\" decoding=\"async\" width=\"1536\" height=\"2048\" src=\"http:\/\/szent-erzsebet.hu\/iskola\/wp-content\/uploads\/sites\/3\/2021\/02\/received_3850847551640911.jpeg\" alt=\"\" class=\"wp-image-1153\" srcset=\"https:\/\/szent-erzsebet.hu\/iskola\/wp-content\/uploads\/sites\/3\/2021\/02\/received_3850847551640911.jpeg 1536w, https:\/\/szent-erzsebet.hu\/iskola\/wp-content\/uploads\/sites\/3\/2021\/02\/received_3850847551640911-225x300.jpeg 225w, https:\/\/szent-erzsebet.hu\/iskola\/wp-content\/uploads\/sites\/3\/2021\/02\/received_3850847551640911-768x1024.jpeg 768w\" sizes=\"auto, (max-width: 1536px) 100vw, 1536px\" \/><\/figure><\/div>\n\n\n\n<div class=\"wp-block-image\"><figure class=\"aligncenter\"><img loading=\"lazy\" decoding=\"async\" width=\"566\" height=\"756\" src=\"http:\/\/szent-erzsebet.hu\/iskola\/wp-content\/uploads\/sites\/3\/2021\/02\/received_263546065300012.jpeg\" alt=\"\" class=\"wp-image-1152\" srcset=\"https:\/\/szent-erzsebet.hu\/iskola\/wp-content\/uploads\/sites\/3\/2021\/02\/received_263546065300012.jpeg 566w, https:\/\/szent-erzsebet.hu\/iskola\/wp-content\/uploads\/sites\/3\/2021\/02\/received_263546065300012-225x300.jpeg 225w\" sizes=\"auto, (max-width: 566px) 100vw, 566px\" \/><\/figure><\/div>\n","protected":false},"excerpt":{"rendered":"<p>Iskol\u00e1nk als\u00f3 tagozat\u00e1nak rajzszakk\u00f6r\u00e9n Bea n\u00e9ni \u00e9s Kati n\u00e9ni ir\u00e1ny\u00edt\u00e1s\u00e1val sok-sok sz\u00e9p alkot\u00e1st k\u00e9sz\u00edtenek kisdi\u00e1kjaink.<\/p>\n","protected":false},"author":1,"featured_media":0,"parent":0,"menu_order":0,"comment_status":"closed","ping_status":"closed","template":"","meta":{"footnotes":"","_links_to":"","_links_to_target":""},"class_list":["post-1170","page","type-page","status-publish","hentry"],"_links":{"self":[{"href":"https:\/\/szent-erzsebet.hu\/iskola\/wp-json\/wp\/v2\/pages\/1170","targetHints":{"allow":["GET"]}}],"collection":[{"href":"https:\/\/szent-erzsebet.hu\/iskola\/wp-json\/wp\/v2\/pages"}],"about":[{"href":"https:\/\/szent-erzsebet.hu\/iskola\/wp-json\/wp\/v2\/types\/page"}],"author":[{"embeddable":true,"href":"https:\/\/szent-erzsebet.hu\/iskola\/wp-json\/wp\/v2\/users\/1"}],"replies":[{"embeddable":true,"href":"https:\/\/szent-erzsebet.hu\/iskola\/wp-json\/wp\/v2\/comments?post=1170"}],"version-history":[{"count":1,"href":"https:\/\/szent-erzsebet.hu\/iskola\/wp-json\/wp\/v2\/pages\/1170\/revisions"}],"predecessor-version":[{"id":1171,"href":"https:\/\/szent-erzsebet.hu\/iskola\/wp-json\/wp\/v2\/pages\/1170\/revisions\/1171"}],"wp:attachment":[{"href":"https:\/\/szent-erzsebet.hu\/iskola\/wp-json\/wp\/v2\/media?parent=1170"}],"curies":[{"name":"wp","href":"https:\/\/api.w.org\/{rel}","templated":true}]}}