{"id":1409,"date":"2021-08-31T08:01:34","date_gmt":"2021-08-31T07:01:34","guid":{"rendered":"http:\/\/szent-erzsebet.hu\/iskola\/?page_id=1409"},"modified":"2021-09-06T12:41:02","modified_gmt":"2021-09-06T11:41:02","slug":"kerelmek","status":"publish","type":"page","link":"https:\/\/szent-erzsebet.hu\/iskola\/kerelmek\/","title":{"rendered":"K\u00e9relmek"},"content":{"rendered":"\n<p style=\"text-align:center\"><a href=\"http:\/\/szent-erzsebet.hu\/iskola\/wp-content\/uploads\/sites\/3\/2021\/08\/Betegs%C3%A9g-igazol%C3%A1sa-2.docx\">&lt;&lt;&lt;Mulaszt\u00e1s igazol\u00e1sa&gt;&gt;&gt;<\/a><\/p>\n\n\n\n<p style=\"text-align:center\"><a href=\"http:\/\/szent-erzsebet.hu\/iskola\/wp-content\/uploads\/sites\/3\/2021\/09\/Betegs%C3%A9g-igazol%C3%A1sa-2.docx\">&lt;&lt;&lt;Betegs\u00e9g igazol\u00e1sa 2&gt;&gt;&gt;<\/a><\/p>\n\n\n\n<p style=\"text-align:center\"><a href=\"http:\/\/szent-erzsebet.hu\/iskola\/wp-content\/uploads\/sites\/3\/2021\/09\/K%C3%A9relem-fakult%C3%A1ci%C3%B3s-tant%C3%A1rgy-v%C3%A1ltoztat%C3%A1s%C3%A1hoz.docx\">&lt;&lt;&lt;K\u00e9relem fakult\u00e1ci\u00f3s t\u00e1rgy v\u00e1ltoztat\u00e1s\u00e1hoz&gt;&gt;&gt;<\/a><\/p>\n\n\n\n<p style=\"text-align:center\"><a href=\"http:\/\/szent-erzsebet.hu\/iskola\/wp-content\/uploads\/sites\/3\/2021\/09\/T\u00e1volmarad\u00e1si-k\u00e9relem.docx\" target=\"_blank\" rel=\"noreferrer noopener\" aria-label=\"<<<T\u00e1volmarad\u00e1si k\u00e9relem&gt;&gt;&gt; (\u00faj f\u00fcl\u00f6n nyitja meg)\">&lt;&lt;&lt;T\u00e1volmarad\u00e1si k\u00e9relem>>><\/a><\/p>\n","protected":false},"excerpt":{"rendered":"<p>&lt;&lt;&lt;Mulaszt\u00e1s igazol\u00e1sa&gt;&gt;&gt; &lt;&lt;&lt;Betegs\u00e9g igazol\u00e1sa 2&gt;&gt;&gt; &lt;&lt;&lt;K\u00e9relem fakult\u00e1ci\u00f3s t\u00e1rgy v\u00e1ltoztat\u00e1s\u00e1hoz&gt;&gt;&gt; &lt;&lt;&lt;T\u00e1volmarad\u00e1si k\u00e9relem>>><\/p>\n","protected":false},"author":1,"featured_media":0,"parent":0,"menu_order":0,"comment_status":"closed","ping_status":"closed","template":"","meta":{"footnotes":"","_links_to":"","_links_to_target":""},"class_list":["post-1409","page","type-page","status-publish","hentry"],"_links":{"self":[{"href":"https:\/\/szent-erzsebet.hu\/iskola\/wp-json\/wp\/v2\/pages\/1409","targetHints":{"allow":["GET"]}}],"collection":[{"href":"https:\/\/szent-erzsebet.hu\/iskola\/wp-json\/wp\/v2\/pages"}],"about":[{"href":"https:\/\/szent-erzsebet.hu\/iskola\/wp-json\/wp\/v2\/types\/page"}],"author":[{"embeddable":true,"href":"https:\/\/szent-erzsebet.hu\/iskola\/wp-json\/wp\/v2\/users\/1"}],"replies":[{"embeddable":true,"href":"https:\/\/szent-erzsebet.hu\/iskola\/wp-json\/wp\/v2\/comments?post=1409"}],"version-history":[{"count":4,"href":"https:\/\/szent-erzsebet.hu\/iskola\/wp-json\/wp\/v2\/pages\/1409\/revisions"}],"predecessor-version":[{"id":1429,"href":"https:\/\/szent-erzsebet.hu\/iskola\/wp-json\/wp\/v2\/pages\/1409\/revisions\/1429"}],"wp:attachment":[{"href":"https:\/\/szent-erzsebet.hu\/iskola\/wp-json\/wp\/v2\/media?parent=1409"}],"curies":[{"name":"wp","href":"https:\/\/api.w.org\/{rel}","templated":true}]}}