{"id":254,"date":"2019-02-18T11:00:12","date_gmt":"2019-02-18T10:00:12","guid":{"rendered":"http:\/\/szerzs.mhan.hu\/iskola\/?page_id=254"},"modified":"2025-09-24T09:49:58","modified_gmt":"2025-09-24T08:49:58","slug":"fogadoorak","status":"publish","type":"page","link":"https:\/\/szent-erzsebet.hu\/iskola\/bemutatkozas\/fogadoorak\/","title":{"rendered":"Fogad\u00f3\u00f3r\u00e1k"},"content":{"rendered":"\n<p><strong>K\u00fcrti Zolt\u00e1n igazgat\u00f3<\/strong><\/p>\n\n\n\n<ul class=\"wp-block-list\">\n<li>Szerd\u00e1nk\u00e9nt, el\u0151zetes bejelentkez\u00e9ssel<\/li>\n<\/ul>\n\n\n\n<p><strong>Heng\u00e1nn\u00e9 Gogola Gabriella<\/strong>&nbsp;\u00f3voda tagint\u00e9zm\u00e9ny-vezet\u0151<\/p>\n\n\n\n<ul class=\"wp-block-list\">\n<li>szerda 8:00 \u2013 9:00<\/li>\n<\/ul>\n\n\n\n<p><strong>Veresn\u00e9 Horv\u00e1th Hilda<\/strong>&nbsp;\u00e1ltal\u00e1nos iskolai als\u00f3 tagozatos igh.<\/p>\n\n\n\n<ul class=\"wp-block-list\">\n<li>h\u00e9tf\u0151\u00a015:00 \u2013 16:00<\/li>\n<\/ul>\n\n\n\n<p><strong>Eg\u00e9szs\u00e9g\u00fcgyi ell\u00e1t\u00e1s:<\/strong> F\u0151\u00e9p\u00fclet &#8222;D6&#8221; orvosi szoba<\/p>\n\n\n\n<p><strong>Iskolaorvos:\u00a0<\/strong><\/p>\n\n\n\n<p>Dr. Sinka Zsuzsanna<br>Rendel: Kedd, p\u00e9ntek 8:45 &#8211; 14:30<\/p>\n\n\n\n<p><strong>Iskolai v\u00e9d\u0151n\u0151:<\/strong> <\/p>\n\n\n\n<p>Pataki J\u00e1nosn\u00e9 (gimn\u00e1zium)<br>Fogad\u00f3\u00f3ra: H\u00e9tf\u0151 9:00 &#8211; 11:00<\/p>\n\n\n\n<p>De\u00e9rn\u00e9 So\u00f3s Helga (\u00e1ltal\u00e1nos iskola)<br>Fogad\u00f3\u00f3ra: Cs\u00fct\u00f6rt\u00f6k 9:00 &#8211; 11:00<\/p>\n\n\n\n<p><strong>\u00d3vodai \u00e9s iskolai szoci\u00e1lis seg\u00edt\u0151:<\/strong><\/p>\n\n\n\n<p>Szab\u00f3 Erika<br>Fogad\u00f3\u00f3ra:<br>H\u00e9tf\u0151\u00a0 8-9 \u00f3ra<br>Kedd\u00a0\u00a0 14-15 \u00f3ra<br>Szerda 14-15 \u00f3ra<br>Helye: K\u00f6nyvt\u00e1r<\/p>\n\n\n\n<p><strong>E-napl\u00f3val kapcsolatos seg\u00edts\u00e9g:<\/strong>&nbsp;&nbsp;&nbsp;&nbsp;&nbsp;kreta@szent-erzsebet.hu<\/p>\n","protected":false},"excerpt":{"rendered":"<p>K\u00fcrti Zolt\u00e1n igazgat\u00f3 Heng\u00e1nn\u00e9 Gogola Gabriella&nbsp;\u00f3voda tagint\u00e9zm\u00e9ny-vezet\u0151 Veresn\u00e9 Horv\u00e1th Hilda&nbsp;\u00e1ltal\u00e1nos iskolai als\u00f3 tagozatos igh. Eg\u00e9szs\u00e9g\u00fcgyi ell\u00e1t\u00e1s: F\u0151\u00e9p\u00fclet &#8222;D6&#8221; orvosi szoba Iskolaorvos:\u00a0 Dr. Sinka ZsuzsannaRendel: Kedd, p\u00e9ntek 8:45 &#8211; 14:30 Iskolai v\u00e9d\u0151n\u0151: Pataki J\u00e1nosn\u00e9 (gimn\u00e1zium)Fogad\u00f3\u00f3ra:&#46;&#46;&#46;<\/p>\n","protected":false},"author":1,"featured_media":0,"parent":13,"menu_order":0,"comment_status":"closed","ping_status":"closed","template":"","meta":{"footnotes":"","_links_to":"","_links_to_target":""},"class_list":["post-254","page","type-page","status-publish","hentry"],"_links":{"self":[{"href":"https:\/\/szent-erzsebet.hu\/iskola\/wp-json\/wp\/v2\/pages\/254","targetHints":{"allow":["GET"]}}],"collection":[{"href":"https:\/\/szent-erzsebet.hu\/iskola\/wp-json\/wp\/v2\/pages"}],"about":[{"href":"https:\/\/szent-erzsebet.hu\/iskola\/wp-json\/wp\/v2\/types\/page"}],"author":[{"embeddable":true,"href":"https:\/\/szent-erzsebet.hu\/iskola\/wp-json\/wp\/v2\/users\/1"}],"replies":[{"embeddable":true,"href":"https:\/\/szent-erzsebet.hu\/iskola\/wp-json\/wp\/v2\/comments?post=254"}],"version-history":[{"count":9,"href":"https:\/\/szent-erzsebet.hu\/iskola\/wp-json\/wp\/v2\/pages\/254\/revisions"}],"predecessor-version":[{"id":2243,"href":"https:\/\/szent-erzsebet.hu\/iskola\/wp-json\/wp\/v2\/pages\/254\/revisions\/2243"}],"up":[{"embeddable":true,"href":"https:\/\/szent-erzsebet.hu\/iskola\/wp-json\/wp\/v2\/pages\/13"}],"wp:attachment":[{"href":"https:\/\/szent-erzsebet.hu\/iskola\/wp-json\/wp\/v2\/media?parent=254"}],"curies":[{"name":"wp","href":"https:\/\/api.w.org\/{rel}","templated":true}]}}