{"id":941,"date":"2020-05-19T07:45:27","date_gmt":"2020-05-19T06:45:27","guid":{"rendered":"http:\/\/szent-erzsebet.hu\/iskola\/?page_id=941"},"modified":"2020-05-19T07:48:59","modified_gmt":"2020-05-19T06:48:59","slug":"beszamolo-2019","status":"publish","type":"page","link":"https:\/\/szent-erzsebet.hu\/iskola\/beszamolo-2019\/","title":{"rendered":"Besz\u00e1mol\u00f3 2019"},"content":{"rendered":"\n<p>2019.\/2020. tan\u00e9vkezd\u00e9s el\u0151tt sikerrel p\u00e1ly\u00e1ztunk a Hat\u00e1rtalanul Hetedikeseknek p\u00e1ly\u00e1zatra, \u00edgy \u00e1llami t\u00e1mogat\u00e1ssal jutott el Erd\u00e9lybe a 7. \u00e9vfolyam, k\u00f6zel 80 gyerek \u00e9s k\u00eds\u00e9r\u0151ik, 2019.08.26-30. k\u00f6z\u00f6tt. Erd\u00e9ly \u00e9s Sz\u00e9kelyf\u00f6ld megismer\u00e9s\u00e9ben Krist\u00e1ly Bea \u00e9s M\u00e1th\u00e9 Levente idegenvezet\u0151k voltak seg\u00edts\u00e9g\u00fcnkre, akik nagyszer\u0171en v\u00e9gezt\u00e9k munk\u00e1jukat! K\u00f6sz\u00f6nj\u00fck a lehet\u0151s\u00e9get; koll\u00e9g\u00e1nknak, L\u00e1ng Istv\u00e1nnak, a szervez\u00e9st; a b\u0151s\u00e9ges erd\u00e9lyi \u00e9teleket, var\u00e1zslatos helyeket, \u00f6r\u00f6k \u00e9lm\u00e9nnyel gazdagodtunk az itt t\u00f6lt\u00f6tt napok \u00e1ltal!<\/p>\n\n\n\n<p> <a href=\"http:\/\/szent-erzsebet.hu\/iskola\/wp-content\/uploads\/sites\/3\/2020\/05\/ERD\u00c9LY-2019.pdf\" target=\"_blank\" rel=\"noreferrer noopener\" aria-label=\"Most pedig k\u00f6vetkezzen a 7. oszt\u00e1lyosok besz\u00e1mol\u00f3ja:  (\u00faj f\u00fcl\u00f6n nyitja meg)\">Most pedig k\u00f6vetkezzen a 7. oszt\u00e1lyosok besz\u00e1mol\u00f3ja: <\/a><\/p>\n\n\n\n<p><a href=\"http:\/\/szent-erzsebet.hu\/iskola\/wp-content\/uploads\/sites\/3\/2020\/05\/Erd\u00e9ly-2.pptx\" target=\"_blank\" rel=\"noreferrer noopener\" aria-label=\"Az utaz\u00e1s k\u00e9pes besz\u00e1mol\u00f3j\u00e1\u00e9rt kattintson erre a linkre. (\u00faj f\u00fcl\u00f6n nyitja meg)\">Az utaz\u00e1s k\u00e9pes besz\u00e1mol\u00f3j\u00e1\u00e9rt kattintson erre a linkre.<\/a><\/p>\n\n\n\n<figure class=\"wp-block-image\"><img loading=\"lazy\" decoding=\"async\" width=\"882\" height=\"429\" src=\"https:\/\/szent-erzsebet.hu\/iskola\/wp-content\/uploads\/sites\/3\/2020\/05\/erd\u00e9ly2019.jpg\" alt=\"\" class=\"wp-image-942\" srcset=\"https:\/\/szent-erzsebet.hu\/iskola\/wp-content\/uploads\/sites\/3\/2020\/05\/erd\u00e9ly2019.jpg 882w, https:\/\/szent-erzsebet.hu\/iskola\/wp-content\/uploads\/sites\/3\/2020\/05\/erd\u00e9ly2019-300x146.jpg 300w, https:\/\/szent-erzsebet.hu\/iskola\/wp-content\/uploads\/sites\/3\/2020\/05\/erd\u00e9ly2019-768x374.jpg 768w\" sizes=\"auto, (max-width: 882px) 100vw, 882px\" \/><\/figure>\n","protected":false},"excerpt":{"rendered":"<p>2019.\/2020. tan\u00e9vkezd\u00e9s el\u0151tt sikerrel p\u00e1ly\u00e1ztunk a Hat\u00e1rtalanul Hetedikeseknek p\u00e1ly\u00e1zatra, \u00edgy \u00e1llami t\u00e1mogat\u00e1ssal jutott el Erd\u00e9lybe a 7. \u00e9vfolyam, k\u00f6zel 80 gyerek \u00e9s k\u00eds\u00e9r\u0151ik, 2019.08.26-30. k\u00f6z\u00f6tt. Erd\u00e9ly \u00e9s Sz\u00e9kelyf\u00f6ld megismer\u00e9s\u00e9ben Krist\u00e1ly Bea \u00e9s M\u00e1th\u00e9 Levente&#46;&#46;&#46;<\/p>\n","protected":false},"author":1,"featured_media":0,"parent":0,"menu_order":0,"comment_status":"closed","ping_status":"closed","template":"","meta":{"footnotes":"","_links_to":"","_links_to_target":""},"class_list":["post-941","page","type-page","status-publish","hentry"],"_links":{"self":[{"href":"https:\/\/szent-erzsebet.hu\/iskola\/wp-json\/wp\/v2\/pages\/941","targetHints":{"allow":["GET"]}}],"collection":[{"href":"https:\/\/szent-erzsebet.hu\/iskola\/wp-json\/wp\/v2\/pages"}],"about":[{"href":"https:\/\/szent-erzsebet.hu\/iskola\/wp-json\/wp\/v2\/types\/page"}],"author":[{"embeddable":true,"href":"https:\/\/szent-erzsebet.hu\/iskola\/wp-json\/wp\/v2\/users\/1"}],"replies":[{"embeddable":true,"href":"https:\/\/szent-erzsebet.hu\/iskola\/wp-json\/wp\/v2\/comments?post=941"}],"version-history":[{"count":2,"href":"https:\/\/szent-erzsebet.hu\/iskola\/wp-json\/wp\/v2\/pages\/941\/revisions"}],"predecessor-version":[{"id":947,"href":"https:\/\/szent-erzsebet.hu\/iskola\/wp-json\/wp\/v2\/pages\/941\/revisions\/947"}],"wp:attachment":[{"href":"https:\/\/szent-erzsebet.hu\/iskola\/wp-json\/wp\/v2\/media?parent=941"}],"curies":[{"name":"wp","href":"https:\/\/api.w.org\/{rel}","templated":true}]}}