{"id":33,"date":"2018-11-16T11:00:02","date_gmt":"2018-11-16T11:00:02","guid":{"rendered":"http:\/\/szerzs.mhan.hu\/ovoda\/?page_id=33"},"modified":"2023-09-29T12:29:14","modified_gmt":"2023-09-29T11:29:14","slug":"altalanos-informaciok","status":"publish","type":"page","link":"https:\/\/szent-erzsebet.hu\/ovoda\/altalanos-informaciok\/","title":{"rendered":"\u00c1ltal\u00e1nos inform\u00e1ci\u00f3k"},"content":{"rendered":"\n<p><strong>\u00d3vodai csoportok sz\u00e1ma<\/strong>: 4<br><br>Egyes csoportokban a gyermekl\u00e9tsz\u00e1m:<\/p>\n\n\n\n<p><strong>Csillag csoport<\/strong>: 19 F\u0151<\/p>\n\n\n\n<p><strong>B\u00e1r\u00e1ny csoport<\/strong>: 26 F\u0151<\/p>\n\n\n\n<p><strong>Napsug\u00e1r csoport<\/strong>: 23 F\u0151<\/p>\n\n\n\n<p><strong>Liliom csoport<\/strong>: 23 F\u0151<\/p>\n\n\n\n<p><strong>\u00d3vodai dolgoz\u00f3k<\/strong>:15 f\u0151<br><strong><br>\u00d3vodapedag\u00f3gusok sz\u00e1ma<\/strong>: 8 f\u0151<br><br>\u00d3vodapedag\u00f3gusok iskolai v\u00e9gzetts\u00e9ge: F\u0151iskolai v\u00e9gzetts\u00e9g\u0171 8 f\u0151, ebb\u0151l szakvizsg\u00e1zott \u00f3vodapedag\u00f3gus: 4f\u0151, k\u00e9t szakvizsg\u00e1val rendelkezik: 1 f\u0151, mesterpedag\u00f3gus: 1 f\u0151.<br><br><strong>Dajk\u00e1k sz\u00e1ma: 4 f\u0151<\/strong><\/p>\n\n\n\n<p><strong>Pedag\u00f3giai asszisztens<\/strong>: 2 f\u0151<\/p>\n\n\n\n<p><strong>Konyhai kiseg\u00edt\u0151<\/strong>: 1 f\u0151<br><br>Dajk\u00e1k szakk\u00e9pzetts\u00e9ge: \u00e9retts\u00e9gi: 2 f\u0151, Dajkak\u00e9pz\u0151: 4 f\u0151<br><br><strong>Az \u00f3vodai nevel\u00e9s \u00e9v rendje<\/strong>:<br><br>Az \u00f3vodai nevel\u00e9si \u00e9v 2023. szeptember 1-t\u0151l 2024. augusztus 31-ig tart.<br><br><strong>Sz\u00fcnetek ideje:<\/strong><br><br>Ny\u00e1ri z\u00e1rva tart\u00e1s: 2024. j\u00falius 22-t\u0151l augusztus 19-ig.<br><br>T\u00e9li sz\u00fcnet: 2023. december 22-t\u0151l janu\u00e1r 03-ig.<br><br>Tavaszi sz\u00fcnet: 2024. m\u00e1rcius 28-t\u00f3l \u00e1prilis 02-ig<br><\/p>\n\n\n\n<p><strong>Nevel\u00e9s n\u00e9lk\u00fcli munkanapok:<\/strong><\/p>\n\n\n\n<p><br>2023. november 03.<br>2024. m\u00e1rcius 13-14.<br>2024. m\u00e1rcius 28.<br>2024. augusztus 29.<br><\/p>\n\n\n\n<p><strong>Sz\u00fcl\u0151i \u00e9rtekezletek:<\/strong><\/p>\n\n\n\n<p><br>2023. szeptember 04-08<br>2024. janu\u00e1r 08-12 k\u00f6z\u00f6tt<br><br><strong>\u00d3vodai ny\u00edlt h\u00e9t id\u0151pontja<\/strong>: 2022. m\u00e1rcius 04-29-ig (az \u00f3vod\u00e1nkba j\u00e1r\u00f3 gyermekek sz\u00fcleinek)<\/p>\n\n\n\n<p><strong>\u00d3vodai ny\u00edlt napok<\/strong> \u00e9rdekl\u0151d\u0151 sz\u00fcl\u0151knek, melyre elhozhatj\u00e1k m\u00e9g nem \u00f3vod\u00e1s gyermek\u00fcket:&nbsp;&nbsp;&nbsp;<\/p>\n\n\n\n<ul class=\"wp-block-list\">\n<li>2021. okt\u00f3ber 05. 10.30-11.30<\/li>\n\n\n\n<li>2021. november 09. 10.30-11.30<\/li>\n\n\n\n<li>2021.december.14. 10.30-11.30<\/li>\n<\/ul>\n\n\n\n<p>Ezek az id\u0151pontok az \u00f3vodai esem\u00e9nyek miatt v\u00e1ltozhatnak. Az \u00faj id\u0151pontokat jelezz\u00fck az int\u00e9zm\u00e9ny honlapj\u00e1n.<\/p>\n\n\n\n<p><strong>\u00d3vodai beiratkoz\u00e1s<\/strong>: 2024. \u00e1prilis (pontos id\u0151pontot, k\u00fcl\u00f6n jelezz\u00fck)<\/p>\n","protected":false},"excerpt":{"rendered":"<p>\u00d3vodai csoportok sz\u00e1ma: 4 Egyes csoportokban a gyermekl\u00e9tsz\u00e1m: Csillag csoport: 19 F\u0151 B\u00e1r\u00e1ny csoport: 26 F\u0151 Napsug\u00e1r csoport: 23 F\u0151 Liliom csoport: 23 F\u0151 \u00d3vodai dolgoz\u00f3k:15 f\u0151\u00d3vodapedag\u00f3gusok sz\u00e1ma: 8 f\u0151 \u00d3vodapedag\u00f3gusok iskolai v\u00e9gzetts\u00e9ge: F\u0151iskolai&#46;&#46;&#46;<\/p>\n","protected":false},"author":1,"featured_media":0,"parent":0,"menu_order":0,"comment_status":"closed","ping_status":"closed","template":"","meta":{"footnotes":"","_links_to":"","_links_to_target":""},"class_list":["post-33","page","type-page","status-publish","hentry"],"_links":{"self":[{"href":"https:\/\/szent-erzsebet.hu\/ovoda\/wp-json\/wp\/v2\/pages\/33","targetHints":{"allow":["GET"]}}],"collection":[{"href":"https:\/\/szent-erzsebet.hu\/ovoda\/wp-json\/wp\/v2\/pages"}],"about":[{"href":"https:\/\/szent-erzsebet.hu\/ovoda\/wp-json\/wp\/v2\/types\/page"}],"author":[{"embeddable":true,"href":"https:\/\/szent-erzsebet.hu\/ovoda\/wp-json\/wp\/v2\/users\/1"}],"replies":[{"embeddable":true,"href":"https:\/\/szent-erzsebet.hu\/ovoda\/wp-json\/wp\/v2\/comments?post=33"}],"version-history":[{"count":13,"href":"https:\/\/szent-erzsebet.hu\/ovoda\/wp-json\/wp\/v2\/pages\/33\/revisions"}],"predecessor-version":[{"id":615,"href":"https:\/\/szent-erzsebet.hu\/ovoda\/wp-json\/wp\/v2\/pages\/33\/revisions\/615"}],"wp:attachment":[{"href":"https:\/\/szent-erzsebet.hu\/ovoda\/wp-json\/wp\/v2\/media?parent=33"}],"curies":[{"name":"wp","href":"https:\/\/api.w.org\/{rel}","templated":true}]}}

Általános információk

<p><strong>Óvodai csoportok száma</strong>: 4<br><br>Egyes csoportokban a gyermeklétszám:</p>



<p><strong>Csillag csoport</strong>: 19 Fő</p>



<p><strong>Bárány csoport</strong>: 26 Fő</p>



<p><strong>Napsugár csoport</strong>: 23 Fő</p>



<p><strong>Liliom csoport</strong>: 23 Fő</p>



<p><strong>Óvodai dolgozók</strong>:15 fő<br><strong><br>Óvodapedagógusok száma</strong>: 8 fő<br><br>Óvodapedagógusok iskolai végzettsége: Főiskolai végzettségű 8 fő, ebből szakvizsgázott óvodapedagógus: 4fő, két szakvizsgával rendelkezik: 1 fő, mesterpedagógus: 1 fő.<br><br><strong>Dajkák száma: 4 fő</strong></p>



<p><strong>Pedagógiai asszisztens</strong>: 2 fő</p>



<p><strong>Konyhai kisegítő</strong>: 1 fő<br><br>Dajkák szakképzettsége: érettségi: 2 fő, Dajkaképző: 4 fő<br><br><strong>Az óvodai nevelés év rendje</strong>:<br><br>Az óvodai nevelési év 2023. szeptember 1-től 2024. augusztus 31-ig tart.<br><br><strong>Szünetek ideje:</strong><br><br>Nyári zárva tartás: 2024. július 22-től augusztus 19-ig.<br><br>Téli szünet: 2023. december 22-től január 03-ig.<br><br>Tavaszi szünet: 2024. március 28-tól április 02-ig<br></p>



<p><strong>Nevelés nélküli munkanapok:</strong></p>



<p><br>2023. november 03.<br>2024. március 13-14.<br>2024. március 28.<br>2024. augusztus 29.<br></p>



<p><strong>Szülői értekezletek:</strong></p>



<p><br>2023. szeptember 04-08<br>2024. január 08-12 között<br><br><strong>Óvodai nyílt hét időpontja</strong>: 2022. március 04-29-ig (az óvodánkba járó gyermekek szüleinek)</p>



<p><strong>Óvodai nyílt napok</strong> érdeklődő szülőknek, melyre elhozhatják még nem óvodás gyermeküket:&nbsp;&nbsp;&nbsp;</p>



<ul class="wp-block-list">
<li>2021. október 05. 10.30-11.30</li>



<li>2021. november 09. 10.30-11.30</li>



<li>2021.december.14. 10.30-11.30</li>
</ul>



<p>Ezek az időpontok az óvodai események miatt változhatnak. Az új időpontokat jelezzük az intézmény honlapján.</p>



<p><strong>Óvodai beiratkozás</strong>: 2024. április (pontos időpontot, külön jelezzük)</p>

<p>Óvodai csoportok száma: 4 Egyes csoportokban a gyermeklétszám: Csillag csoport: 19 Fő Bárány csoport: 26 Fő Napsugár csoport: 23 Fő Liliom csoport: 23 Fő Óvodai dolgozók:15 főÓvodapedagógusok száma: 8 fő Óvodapedagógusok iskolai végzettsége: Főiskolai&#46;&#46;&#46;</p>
