{"id":45,"date":"2018-11-16T11:02:26","date_gmt":"2018-11-16T11:02:26","guid":{"rendered":"http:\/\/szerzs.mhan.hu\/ovoda\/?page_id=45"},"modified":"2025-09-16T07:01:48","modified_gmt":"2025-09-16T06:01:48","slug":"ovodai-dolgozok","status":"publish","type":"page","link":"https:\/\/szent-erzsebet.hu\/ovoda\/ovodai-dolgozok\/","title":{"rendered":"Munkat\u00e1rsak"},"content":{"rendered":"\n<p class=\"has-text-align-center\"><strong>\u00d3vodai dolgoz\u00f3k:<\/strong><\/p>\n\n\n<div class=\"wp-block-image\">\n<figure class=\"aligncenter size-large is-resized\"><img loading=\"lazy\" decoding=\"async\" width=\"683\" height=\"1024\" src=\"https:\/\/szent-erzsebet.hu\/ovoda\/wp-content\/uploads\/sites\/4\/2025\/09\/DSC_0005-683x1024.jpg\" alt=\"\" class=\"wp-image-728\" style=\"width:253px;height:auto\" srcset=\"https:\/\/szent-erzsebet.hu\/ovoda\/wp-content\/uploads\/sites\/4\/2025\/09\/DSC_0005-683x1024.jpg 683w, https:\/\/szent-erzsebet.hu\/ovoda\/wp-content\/uploads\/sites\/4\/2025\/09\/DSC_0005-200x300.jpg 200w, https:\/\/szent-erzsebet.hu\/ovoda\/wp-content\/uploads\/sites\/4\/2025\/09\/DSC_0005-768x1152.jpg 768w, https:\/\/szent-erzsebet.hu\/ovoda\/wp-content\/uploads\/sites\/4\/2025\/09\/DSC_0005-1024x1536.jpg 1024w, https:\/\/szent-erzsebet.hu\/ovoda\/wp-content\/uploads\/sites\/4\/2025\/09\/DSC_0005-1365x2048.jpg 1365w, https:\/\/szent-erzsebet.hu\/ovoda\/wp-content\/uploads\/sites\/4\/2025\/09\/DSC_0005-scaled.jpg 1707w\" sizes=\"auto, (max-width: 683px) 100vw, 683px\" \/><\/figure><\/div>\n\n\n<p class=\"has-text-align-center\"><strong>Heng\u00e1nn\u00e9 Gogola Gabriella<\/strong> \u00f3vodavezet\u0151 <br>(<a href=\"mailto:gogola.gabriella@szent-erzsebet.hu\" target=\"_blank\" rel=\"noreferrer noopener\">gogola.gabriella@szent-erzsebet.hu<\/a>)<\/p>\n\n\n\n<p class=\"has-text-align-center\"><strong>Chalupa \u00c9va <\/strong>\u00f3vodapedag\u00f3gus<\/p>\n\n\n\n<p class=\"has-text-align-center\"><strong>Cseri Anna<\/strong> \u00f3vodapedag\u00f3gus<\/p>\n\n\n\n<p class=\"has-text-align-center\"><strong>G\u00f6b\u00f6l\u00f6s \u2013 Szab\u00f3 Csilla M\u00e1rta<\/strong> \u00f3vodapedag\u00f3gus<\/p>\n\n\n\n<p class=\"has-text-align-center\"><strong>Kruzslik Emese<\/strong> \u00f3vodapedag\u00f3gus<\/p>\n\n\n\n<p class=\"has-text-align-center\"><strong>Mark\u00f3 M\u00e1ria <\/strong>\u00f3vodapedag\u00f3gus<\/p>\n\n\n\n<p class=\"has-text-align-center\"><strong>Penyigei-Manczur Krisztina<\/strong> \u00f3vodapedag\u00f3gus<\/p>\n\n\n\n<p class=\"has-text-align-center\"><strong>T\u00f3kos Zsuzsanna<\/strong> \u00f3vodapedag\u00f3gus<\/p>\n\n\n\n<p class=\"has-text-align-center\"><strong>Erdei Evelin<\/strong> pedag\u00f3giai asszisztens<\/p>\n\n\n\n<p class=\"has-text-align-center\"><strong>Gere Mih\u00e1lyn\u00e9<\/strong> pedag\u00f3giai asszisztens<\/p>\n\n\n\n<p class=\"has-text-align-center\"><strong>\u00c1gfalvin\u00e9 Borsos Andrea<\/strong> dajka<\/p>\n\n\n\n<p class=\"has-text-align-center\"><strong>Barna M\u00e1ria<\/strong> dajka<\/p>\n\n\n\n<p class=\"has-text-align-center\"><strong>Herter Szabina<\/strong> dajka<\/p>\n\n\n\n<p class=\"has-text-align-center\"><strong>Nagy M\u00f3nika<\/strong> dajka<\/p>\n","protected":false},"excerpt":{"rendered":"<p>\u00d3vodai dolgoz\u00f3k: Heng\u00e1nn\u00e9 Gogola Gabriella \u00f3vodavezet\u0151 (gogola.gabriella@szent-erzsebet.hu) Chalupa \u00c9va \u00f3vodapedag\u00f3gus Cseri Anna \u00f3vodapedag\u00f3gus G\u00f6b\u00f6l\u00f6s \u2013 Szab\u00f3 Csilla M\u00e1rta \u00f3vodapedag\u00f3gus Kruzslik Emese \u00f3vodapedag\u00f3gus Mark\u00f3 M\u00e1ria \u00f3vodapedag\u00f3gus Penyigei-Manczur Krisztina \u00f3vodapedag\u00f3gus T\u00f3kos Zsuzsanna \u00f3vodapedag\u00f3gus Erdei Evelin pedag\u00f3giai&#46;&#46;&#46;<\/p>\n","protected":false},"author":1,"featured_media":0,"parent":0,"menu_order":0,"comment_status":"closed","ping_status":"closed","template":"","meta":{"footnotes":"","_links_to":"","_links_to_target":""},"class_list":["post-45","page","type-page","status-publish","hentry"],"_links":{"self":[{"href":"https:\/\/szent-erzsebet.hu\/ovoda\/wp-json\/wp\/v2\/pages\/45","targetHints":{"allow":["GET"]}}],"collection":[{"href":"https:\/\/szent-erzsebet.hu\/ovoda\/wp-json\/wp\/v2\/pages"}],"about":[{"href":"https:\/\/szent-erzsebet.hu\/ovoda\/wp-json\/wp\/v2\/types\/page"}],"author":[{"embeddable":true,"href":"https:\/\/szent-erzsebet.hu\/ovoda\/wp-json\/wp\/v2\/users\/1"}],"replies":[{"embeddable":true,"href":"https:\/\/szent-erzsebet.hu\/ovoda\/wp-json\/wp\/v2\/comments?post=45"}],"version-history":[{"count":19,"href":"https:\/\/szent-erzsebet.hu\/ovoda\/wp-json\/wp\/v2\/pages\/45\/revisions"}],"predecessor-version":[{"id":734,"href":"https:\/\/szent-erzsebet.hu\/ovoda\/wp-json\/wp\/v2\/pages\/45\/revisions\/734"}],"wp:attachment":[{"href":"https:\/\/szent-erzsebet.hu\/ovoda\/wp-json\/wp\/v2\/media?parent=45"}],"curies":[{"name":"wp","href":"https:\/\/api.w.org\/{rel}","templated":true}]}}