{"id":49,"date":"2018-11-16T11:02:52","date_gmt":"2018-11-16T11:02:52","guid":{"rendered":"http:\/\/szerzs.mhan.hu\/ovoda\/?page_id=49"},"modified":"2025-09-09T12:34:11","modified_gmt":"2025-09-09T11:34:11","slug":"unnepek-megemlekezesek","status":"publish","type":"page","link":"https:\/\/szent-erzsebet.hu\/ovoda\/unnepek-megemlekezesek\/","title":{"rendered":"\u00dcnnepek, megeml\u00e9kez\u00e9sek"},"content":{"rendered":"\n<p><strong>\u00d3vodai \u00fcnnepek \u00e9s megeml\u00e9kez\u00e9sek:<\/strong><\/p>\n\n\n\n<p><strong>Szeptember 12.<\/strong><br><strong>Megeml\u00e9kez\u00e9s M\u00e1ria neve napj\u00e1r\u00f3l<\/strong><\/p>\n\n\n\n<p><strong>Szeptember 26.<\/strong><br><strong>\u00c9vnyit\u00f3 h\u00e1laad\u00f3 szentmise az \u00f3vod\u00e1\u00e9rt, az \u00faj gyermekek, \u00e9s sz\u00fcl\u0151k k\u00f6sz\u00f6nt\u00e9se<\/strong><\/p>\n\n\n\n<p><strong>Szeptember 25.<\/strong><br><strong>Szent Mih\u00e1ly. Betakar\u00edt\u00e1s napja, term\u00e9ny\u00fcnnep.<\/strong><\/p>\n\n\n\n<p><strong>Okt\u00f3ber 01.<\/strong><br><strong>Zenei vil\u00e1gnap. A v\u00e1ros \u00f3vod\u00e1sainak k\u00f6z\u00f6s \u00e9nekl\u00e9se, \u00fcnnepl\u00e9se<\/strong><\/p>\n\n\n\n<p><strong>Okt\u00f3ber 04.<\/strong><br><strong>Szent Ferenc. \u00c1llatok vil\u00e1gnapja<\/strong><\/p>\n\n\n\n<p><strong>Okt\u00f3ber 16:<\/strong><br><strong>\u00d3vodai fot\u00f3z\u00e1s<\/strong><\/p>\n\n\n\n<p><strong>Okt\u00f3ber 22.<\/strong><br><strong>Megeml\u00e9kez\u00e9s a nemzeti \u00fcnnepr\u0151l. Gyertyagy\u00fajt\u00e1s a S\u00f6t\u00e9t Kapun\u00e1l<\/strong><\/p>\n\n\n\n<p><strong>November 03.<\/strong><br><strong>Megeml\u00e9kez\u00e9s Mindenszentekr\u0151l \u00e9s Halottak Napj\u00e1r\u00f3l<\/strong><\/p>\n\n\n\n<p><strong>November 18.<\/strong><br><strong>Szent Erzs\u00e9bet napja az \u00f3vod\u00e1ban. A Napsug\u00e1r csoport m\u0171sora. \u00dcnnepl\u00e9s a tornateremben, 9.30 \u00f3rakor<\/strong><\/p>\n\n\n\n<p><strong>November 19.<\/strong><br><strong>Lampionos, gyerty\u00e1s zar\u00e1ndoklat a Belv\u00e1rosi Templomba, 16.30-t\u00f3l<\/strong><\/p>\n\n\n\n<p><strong>November 19.<\/strong><br><strong>Megeml\u00e9kez\u00e9s Szent Erzs\u00e9betr\u0151l. Koszor\u00faz\u00e1s, gyertyagy\u00fajt\u00e1s a Sz\u00e9chenyi t\u00e9ren. 10.30-t\u00f3l<\/strong><\/p>\n\n\n\n<p><strong>December 05.<\/strong><br><strong>Szent Mikl\u00f3s l\u00e1togat\u00e1sa az \u00f3vod\u00e1ban.<\/strong><\/p>\n\n\n\n<p><strong>December. 11.<\/strong><br><strong>Adventi k\u00e9zm\u0171ves d\u00e9lut\u00e1n, \u00e9s v\u00e1s\u00e1r.<\/strong><\/p>\n\n\n\n<p><strong>December 19.<\/strong><br><strong>J\u00e9zus Krisztus sz\u00fclet\u00e9snapja. Nagycsoportosok k\u00e1nt\u00e1l\u00e1sa az iskol\u00e1ban. Iskol\u00e1sok betlehemes j\u00e1t\u00e9k\u00e1nak megtekint\u00e9se.<\/strong><\/p>\n\n\n\n<p><strong>Janu\u00e1r 09.<\/strong><br><strong>H\u00e1zszentel\u0151 az \u00f3vod\u00e1ban.<\/strong><\/p>\n\n\n\n<p><strong>Janu\u00e1r 30.<\/strong><br><strong>Farsangi mulats\u00e1g, \u00f3vod\u00e1sok t\u00e1nch\u00e1za<\/strong><\/p>\n\n\n\n<p><strong>Febru\u00e1r 03.<\/strong><br><strong>Bal\u00e1zs-\u00e1ld\u00e1s<\/strong><\/p>\n\n\n\n<p><strong>Febru\u00e1r 17.<\/strong><br><strong>Rongyos b\u00e1l, farsang farka<\/strong><\/p>\n\n\n\n<p><strong>Febru\u00e1r 18.<\/strong><br><strong>Hamvazkod\u00e1s<\/strong><\/p>\n\n\n\n<p><strong>M\u00e1rcius 13.<\/strong><br><strong>Nemzeti \u00fcnnep<\/strong><\/p>\n\n\n\n<p><strong>M\u00e1rcius 19.<\/strong><br><strong>Ap\u00e1k napi szentmise<\/strong><\/p>\n\n\n\n<p><strong>M\u00e1rcius 02-20.<\/strong><br><strong>Ny\u00edlt napok az ide j\u00e1r\u00f3 \u00f3vod\u00e1sok sz\u00fcleinek<\/strong><\/p>\n\n\n\n<p><strong>\u00c1prilis 01.<\/strong><br><strong>Csal\u00e1di kereszt\u00fat a K\u00e1lv\u00e1ri\u00e1n<\/strong><\/p>\n\n\n\n<p><strong>\u00c1prilis 23.<\/strong><br><strong>Ap\u00e1k-gyermek foci<\/strong><\/p>\n\n\n\n<p><strong>M\u00e1jus 06-21.<\/strong><br><strong>Any\u00e1k napi \u00fcnneps\u00e9gek<\/strong><\/p>\n\n\n\n<p><strong>M\u00e1jus 29.<\/strong><br><strong>\u00c9vz\u00e1r\u00f3, h\u00e1laad\u00f3 szentmise<\/strong><\/p>\n\n\n\n<p><strong>M\u00e1jus 29.<\/strong><br><strong>Gyermeknap: j\u00e1t\u00e9kos vet\u00e9lked\u0151k, fagyiz\u00e1s.<\/strong><\/p>\n","protected":false},"excerpt":{"rendered":"<p>\u00d3vodai \u00fcnnepek \u00e9s megeml\u00e9kez\u00e9sek: Szeptember 12.Megeml\u00e9kez\u00e9s M\u00e1ria neve napj\u00e1r\u00f3l Szeptember 26.\u00c9vnyit\u00f3 h\u00e1laad\u00f3 szentmise az \u00f3vod\u00e1\u00e9rt, az \u00faj gyermekek, \u00e9s sz\u00fcl\u0151k k\u00f6sz\u00f6nt\u00e9se Szeptember 25.Szent Mih\u00e1ly. Betakar\u00edt\u00e1s napja, term\u00e9ny\u00fcnnep. Okt\u00f3ber 01.Zenei vil\u00e1gnap. A v\u00e1ros \u00f3vod\u00e1sainak k\u00f6z\u00f6s&#46;&#46;&#46;<\/p>\n","protected":false},"author":1,"featured_media":0,"parent":0,"menu_order":0,"comment_status":"closed","ping_status":"closed","template":"","meta":{"footnotes":"","_links_to":"","_links_to_target":""},"class_list":["post-49","page","type-page","status-publish","hentry"],"_links":{"self":[{"href":"https:\/\/szent-erzsebet.hu\/ovoda\/wp-json\/wp\/v2\/pages\/49","targetHints":{"allow":["GET"]}}],"collection":[{"href":"https:\/\/szent-erzsebet.hu\/ovoda\/wp-json\/wp\/v2\/pages"}],"about":[{"href":"https:\/\/szent-erzsebet.hu\/ovoda\/wp-json\/wp\/v2\/types\/page"}],"author":[{"embeddable":true,"href":"https:\/\/szent-erzsebet.hu\/ovoda\/wp-json\/wp\/v2\/users\/1"}],"replies":[{"embeddable":true,"href":"https:\/\/szent-erzsebet.hu\/ovoda\/wp-json\/wp\/v2\/comments?post=49"}],"version-history":[{"count":22,"href":"https:\/\/szent-erzsebet.hu\/ovoda\/wp-json\/wp\/v2\/pages\/49\/revisions"}],"predecessor-version":[{"id":703,"href":"https:\/\/szent-erzsebet.hu\/ovoda\/wp-json\/wp\/v2\/pages\/49\/revisions\/703"}],"wp:attachment":[{"href":"https:\/\/szent-erzsebet.hu\/ovoda\/wp-json\/wp\/v2\/media?parent=49"}],"curies":[{"name":"wp","href":"https:\/\/api.w.org\/{rel}","templated":true}]}}

Ünnepek, megemlékezések

<p><strong>Óvodai ünnepek és megemlékezések:</strong></p>



<p><strong>Szeptember 12.</strong><br><strong>Megemlékezés Mária neve napjáról</strong></p>



<p><strong>Szeptember 26.</strong><br><strong>Évnyitó hálaadó szentmise az óvodáért, az új gyermekek, és szülők köszöntése</strong></p>



<p><strong>Szeptember 25.</strong><br><strong>Szent Mihály. Betakarítás napja, terményünnep.</strong></p>



<p><strong>Október 01.</strong><br><strong>Zenei világnap. A város óvodásainak közös éneklése, ünneplése</strong></p>



<p><strong>Október 04.</strong><br><strong>Szent Ferenc. Állatok világnapja</strong></p>



<p><strong>Október 16:</strong><br><strong>Óvodai fotózás</strong></p>



<p><strong>Október 22.</strong><br><strong>Megemlékezés a nemzeti ünnepről. Gyertyagyújtás a Sötét Kapunál</strong></p>



<p><strong>November 03.</strong><br><strong>Megemlékezés Mindenszentekről és Halottak Napjáról</strong></p>



<p><strong>November 18.</strong><br><strong>Szent Erzsébet napja az óvodában. A Napsugár csoport műsora. Ünneplés a tornateremben, 9.30 órakor</strong></p>



<p><strong>November 19.</strong><br><strong>Lampionos, gyertyás zarándoklat a Belvárosi Templomba, 16.30-tól</strong></p>



<p><strong>November 19.</strong><br><strong>Megemlékezés Szent Erzsébetről. Koszorúzás, gyertyagyújtás a Széchenyi téren. 10.30-tól</strong></p>



<p><strong>December 05.</strong><br><strong>Szent Miklós látogatása az óvodában.</strong></p>



<p><strong>December. 11.</strong><br><strong>Adventi kézműves délután, és vásár.</strong></p>



<p><strong>December 19.</strong><br><strong>Jézus Krisztus születésnapja. Nagycsoportosok kántálása az iskolában. Iskolások betlehemes játékának megtekintése.</strong></p>



<p><strong>Január 09.</strong><br><strong>Házszentelő az óvodában.</strong></p>



<p><strong>Január 30.</strong><br><strong>Farsangi mulatság, óvodások táncháza</strong></p>



<p><strong>Február 03.</strong><br><strong>Balázs-áldás</strong></p>



<p><strong>Február 17.</strong><br><strong>Rongyos bál, farsang farka</strong></p>



<p><strong>Február 18.</strong><br><strong>Hamvazkodás</strong></p>



<p><strong>Március 13.</strong><br><strong>Nemzeti ünnep</strong></p>



<p><strong>Március 19.</strong><br><strong>Apák napi szentmise</strong></p>



<p><strong>Március 02-20.</strong><br><strong>Nyílt napok az ide járó óvodások szüleinek</strong></p>



<p><strong>Április 01.</strong><br><strong>Családi keresztút a Kálvárián</strong></p>



<p><strong>Április 23.</strong><br><strong>Apák-gyermek foci</strong></p>



<p><strong>Május 06-21.</strong><br><strong>Anyák napi ünnepségek</strong></p>



<p><strong>Május 29.</strong><br><strong>Évzáró, hálaadó szentmise</strong></p>



<p><strong>Május 29.</strong><br><strong>Gyermeknap: játékos vetélkedők, fagyizás.</strong></p>

<p>Óvodai ünnepek és megemlékezések: Szeptember 12.Megemlékezés Mária neve napjáról Szeptember 26.Évnyitó hálaadó szentmise az óvodáért, az új gyermekek, és szülők köszöntése Szeptember 25.Szent Mihály. Betakarítás napja, terményünnep. Október 01.Zenei világnap. A város óvodásainak közös&#46;&#46;&#46;</p>
