{"id":794,"date":"2026-03-06T09:03:36","date_gmt":"2026-03-06T08:03:36","guid":{"rendered":"https:\/\/szent-erzsebet.hu\/ovoda\/?page_id=794"},"modified":"2026-03-06T09:03:37","modified_gmt":"2026-03-06T08:03:37","slug":"fogadoorak","status":"publish","type":"page","link":"https:\/\/szent-erzsebet.hu\/ovoda\/fogadoorak\/","title":{"rendered":"Fogad\u00f3\u00f3r\u00e1k"},"content":{"rendered":"\n<p><strong>K\u00fcrti Zolt\u00e1n igazgat\u00f3<\/strong><\/p>\n\n\n\n<ul class=\"wp-block-list\">\n<li>Szerd\u00e1nk\u00e9nt, el\u0151zetes bejelentkez\u00e9ssel<\/li>\n<\/ul>\n\n\n\n<p><strong>Heng\u00e1nn\u00e9 Gogola Gabriella<\/strong>&nbsp;\u00f3voda tagint\u00e9zm\u00e9ny-vezet\u0151<\/p>\n\n\n\n<ul class=\"wp-block-list\">\n<li>szerda 8:00 \u2013 9:00<\/li>\n<\/ul>\n\n\n\n<p><strong>Iskolaorvos:&nbsp;<\/strong><\/p>\n\n\n\n<p>Dr. Sinka Zsuzsanna<br>Rendel: Kedd, p\u00e9ntek 8:45 \u2013 14:30<\/p>\n\n\n\n<p><strong>\u00d3vodai \u00e9s iskolai szoci\u00e1lis seg\u00edt\u0151:<\/strong><\/p>\n\n\n\n<p>Szab\u00f3 Erika<br>Fogad\u00f3\u00f3ra:<br>H\u00e9tf\u0151&nbsp; 8-9 \u00f3ra<br>Kedd&nbsp;&nbsp; 14-15 \u00f3ra<br>Szerda 14-15 \u00f3ra<br>Helye: K\u00f6nyvt\u00e1r<\/p>\n\n\n\n<p><strong>E-napl\u00f3val kapcsolatos seg\u00edts\u00e9g:<\/strong>&nbsp;&nbsp;&nbsp;&nbsp;&nbsp;kreta@szent-erzsebet.hu<\/p>\n","protected":false},"excerpt":{"rendered":"<p>K\u00fcrti Zolt\u00e1n igazgat\u00f3 Heng\u00e1nn\u00e9 Gogola Gabriella&nbsp;\u00f3voda tagint\u00e9zm\u00e9ny-vezet\u0151 Iskolaorvos:&nbsp; Dr. Sinka ZsuzsannaRendel: Kedd, p\u00e9ntek 8:45 \u2013 14:30 \u00d3vodai \u00e9s iskolai szoci\u00e1lis seg\u00edt\u0151: Szab\u00f3 ErikaFogad\u00f3\u00f3ra:H\u00e9tf\u0151&nbsp; 8-9 \u00f3raKedd&nbsp;&nbsp; 14-15 \u00f3raSzerda 14-15 \u00f3raHelye: K\u00f6nyvt\u00e1r E-napl\u00f3val kapcsolatos seg\u00edts\u00e9g:&nbsp;&nbsp;&nbsp;&nbsp;&nbsp;kreta@szent-erzsebet.hu<\/p>\n","protected":false},"author":1,"featured_media":0,"parent":0,"menu_order":0,"comment_status":"closed","ping_status":"closed","template":"","meta":{"footnotes":"","_links_to":"","_links_to_target":""},"class_list":["post-794","page","type-page","status-publish","hentry"],"_links":{"self":[{"href":"https:\/\/szent-erzsebet.hu\/ovoda\/wp-json\/wp\/v2\/pages\/794","targetHints":{"allow":["GET"]}}],"collection":[{"href":"https:\/\/szent-erzsebet.hu\/ovoda\/wp-json\/wp\/v2\/pages"}],"about":[{"href":"https:\/\/szent-erzsebet.hu\/ovoda\/wp-json\/wp\/v2\/types\/page"}],"author":[{"embeddable":true,"href":"https:\/\/szent-erzsebet.hu\/ovoda\/wp-json\/wp\/v2\/users\/1"}],"replies":[{"embeddable":true,"href":"https:\/\/szent-erzsebet.hu\/ovoda\/wp-json\/wp\/v2\/comments?post=794"}],"version-history":[{"count":1,"href":"https:\/\/szent-erzsebet.hu\/ovoda\/wp-json\/wp\/v2\/pages\/794\/revisions"}],"predecessor-version":[{"id":795,"href":"https:\/\/szent-erzsebet.hu\/ovoda\/wp-json\/wp\/v2\/pages\/794\/revisions\/795"}],"wp:attachment":[{"href":"https:\/\/szent-erzsebet.hu\/ovoda\/wp-json\/wp\/v2\/media?parent=794"}],"curies":[{"name":"wp","href":"https:\/\/api.w.org\/{rel}","templated":true}]}}

Fogadóórák

<p><strong>Kürti Zoltán igazgató</strong></p>



<ul class="wp-block-list">
<li>Szerdánként, előzetes bejelentkezéssel</li>
</ul>



<p><strong>Hengánné Gogola Gabriella</strong>&nbsp;óvoda tagintézmény-vezető</p>



<ul class="wp-block-list">
<li>szerda 8:00 – 9:00</li>
</ul>



<p><strong>Iskolaorvos:&nbsp;</strong></p>



<p>Dr. Sinka Zsuzsanna<br>Rendel: Kedd, péntek 8:45 – 14:30</p>



<p><strong>Óvodai és iskolai szociális segítő:</strong></p>



<p>Szabó Erika<br>Fogadóóra:<br>Hétfő&nbsp; 8-9 óra<br>Kedd&nbsp;&nbsp; 14-15 óra<br>Szerda 14-15 óra<br>Helye: Könyvtár</p>



<p><strong>E-naplóval kapcsolatos segítség:</strong>&nbsp;&nbsp;&nbsp;&nbsp;&nbsp;kreta@szent-erzsebet.hu</p>

<p>Kürti Zoltán igazgató Hengánné Gogola Gabriella&nbsp;óvoda tagintézmény-vezető Iskolaorvos:&nbsp; Dr. Sinka ZsuzsannaRendel: Kedd, péntek 8:45 – 14:30 Óvodai és iskolai szociális segítő: Szabó ErikaFogadóóra:Hétfő&nbsp; 8-9 óraKedd&nbsp;&nbsp; 14-15 óraSzerda 14-15 óraHelye: Könyvtár E-naplóval kapcsolatos segítség:&nbsp;&nbsp;&nbsp;&nbsp;&nbsp;kreta@szent-erzsebet.hu</p>
